{"id":129423,"date":"2022-01-27T11:24:31","date_gmt":"2022-01-27T10:24:31","guid":{"rendered":"https:\/\/smetanovalitomysl.cz\/udalosti\/the-burying-of-light\/"},"modified":"2022-06-23T15:10:21","modified_gmt":"2022-06-23T13:10:21","slug":"the-burying-of-light","status":"archived","type":"udalosti","link":"https:\/\/smetanovalitomysl.cz\/en\/udalosti\/the-burying-of-light\/","title":{"rendered":"The Burying of Light"},"content":{"rendered":"\n<p class=\"has-text-align-left ud&#xE1;lost-popis\">This concert by the Martin\u016f Voices ensemble will pay tribute above all to the works of two Poli\u010dka natives \u2013 composer Bohuslav Martin\u016f and poet and novelist Miloslav Bure\u0161. Ji\u0159\u00ed Gemrot&#8217;s cantata The Burying of Light on Bure\u0161&#8217;s lyrics, which Martin\u016f also wished to set to music, will be heard for the first time.&#13;\n<\/p>\n\n<div style=\"height:52px\" aria-hidden=\"true\" class=\"wp-block-spacer\"><\/div>\n\n<div class=\"wp-block-columns is-layout-flex wp-container-core-columns-is-layout-1 wp-block-columns-is-layout-flex\">\n<div class=\"wp-block-column is-layout-flow wp-block-column-is-layout-flow\" style=\"flex-basis:100%\">\n<div class=\"wp-block-media-text alignwide is-stacked-on-mobile\" style=\"grid-template-columns:21% auto\"><figure class=\"wp-block-media-text__media\"><img fetchpriority=\"high\" decoding=\"async\" width=\"1024\" height=\"744\" src=\"https:\/\/smetanovalitomysl.cz\/wp-content\/uploads\/2022\/01\/049_Miloslav-Bures-1024x744.jpg\" alt=\"\" class=\"wp-image-129428 size-full\" srcset=\"https:\/\/smetanovalitomysl.cz\/wp-content\/uploads\/2022\/01\/049_Miloslav-Bures-1024x744.jpg 1024w, https:\/\/smetanovalitomysl.cz\/wp-content\/uploads\/2022\/01\/049_Miloslav-Bures-300x218.jpg 300w, https:\/\/smetanovalitomysl.cz\/wp-content\/uploads\/2022\/01\/049_Miloslav-Bures-768x558.jpg 768w, https:\/\/smetanovalitomysl.cz\/wp-content\/uploads\/2022\/01\/049_Miloslav-Bures.jpg 1200w\" sizes=\"(max-width: 1024px) 100vw, 1024px\" \/><\/figure><div class=\"wp-block-media-text__content\">\n<p><em>&#8220;I still can&#8217;t understand that farewell. He smiles and waves his hand:<\/em>&#13;\n<em>\u00bbSend me the verses, The Burying of Light, in a month from now. I will be able to work again by then. Will make them into a new cantata,&#8221; he thinks of the old beautiful habit of the Vyso\u010dina glassmakers<\/em>&#13;\n<em>we were talking about.&#8221; <\/em><\/p>\n\n\n\n<p class=\"has-text-align-right\"><em>Miloslav Bure\u0161 about his last meeting with Bohuslav Martin\u016f, 1959<\/em><\/p>\n<\/div><\/div>\n<\/div>\n<\/div>\n\n<div style=\"height:43px\" aria-hidden=\"true\" class=\"wp-block-spacer\"><\/div>\n\n<p>Ji\u0159\u00ed Gemrot<\/p>\n\n<p><b>Elegy for Military Secretaries<\/b><\/p>\n\n<p>for solo voices, mixed choir, violin, viola and cello; lyrics by Ji\u0159\u00ed D\u011bde\u010dek<\/p>\n\n<hr class=\"wp-block-separator\"\/>\n\n<p>Ji\u0159\u00ed Gemrot<\/p>\n\n<p><strong>The Burying of Light<\/strong><\/p>\n\n<p>Premiere of a cantata for narrator, baritone, mixed choir, String quartet and piano. Libretto was written by Vojt\u011bch St\u0159\u00edtesk\u00fd, based on rhymes, texts and a collection of the same name by Miloslav Bure\u0161.&#13;\n<\/p>\n\n<hr class=\"wp-block-separator\"\/>\n\n<p>Bohuslav Martin\u016f<\/p>\n\n<p><strong>Five Czech Madrigals<\/strong><\/p>\n\n<p>for mixed choir a cappella H. 321 (1948)\u00a0<\/p>\n\n<p><em>The message delivered by the Dove<\/em><\/p>\n\n<p><em>My Aching Head<\/em><\/p>\n\n<p><em>Geese Floating on Water<\/em><\/p>\n\n<p><em>Riding to See My love<\/em><\/p>\n\n<p><em>Spells and Calumnies<\/em><\/p>\n\n<hr class=\"wp-block-separator\"\/>\n\n<p>Bohuslav Martin\u016f<\/p>\n\n<p><strong>Mike\u0161 from the Mountains<\/strong><\/p>\n\n<p>cantata on the text of a poem by Miloslav Bure\u0161, for soli, mixed choir and instrumental accompaniment H. 375  &#13;\n<\/p>\n\n<hr class=\"wp-block-separator\"\/>\n\n<div style=\"height:100px\" aria-hidden=\"true\" class=\"wp-block-spacer\"><\/div>\n\n<div class=\"wp-block-columns is-layout-flex wp-container-core-columns-is-layout-4 wp-block-columns-is-layout-flex\">\n<div class=\"wp-block-column is-layout-flow wp-block-column-is-layout-flow\" style=\"flex-basis:100%\">\n<h4 class=\"wp-block-heading\">photogallery<\/h4>\n\n\n\n<div class=\"wp-block-group is-layout-flow wp-block-group-is-layout-flow\">\n<div class=\"wp-block-columns is-layout-flex wp-container-core-columns-is-layout-3 wp-block-columns-is-layout-flex\">\n<div class=\"wp-block-column is-layout-flow wp-block-column-is-layout-flow\" style=\"flex-basis:100%\">\n<div class=\"wp-block-group is-layout-flow wp-block-group-is-layout-flow\">\n<div class=\"wp-block-group is-layout-flow wp-block-group-is-layout-flow\">\n<div class=\"wp-block-columns is-layout-flex wp-container-core-columns-is-layout-2 wp-block-columns-is-layout-flex\">\n<div class=\"wp-block-column is-layout-flow wp-block-column-is-layout-flow\" style=\"flex-basis:100%\">\n<div class=\"wp-block-group is-layout-flow wp-block-group-is-layout-flow\">\n<figure class=\"wp-block-gallery has-nested-images columns-3 is-cropped wp-block-gallery-1 is-layout-flex wp-block-gallery-is-layout-flex\">\n<figure class=\"wp-block-image size-large\"><a href=\"https:\/\/smetanovalitomysl.cz\/wp-content\/uploads\/2022\/01\/DHP6358-Edit_c-Daniel-Havel_LQ-2-scaled.jpg\"><img decoding=\"async\" width=\"1024\" height=\"682\" src=\"https:\/\/smetanovalitomysl.cz\/wp-content\/uploads\/2022\/01\/DHP6358-Edit_c-Daniel-Havel_LQ-2-1024x682.jpg\" alt=\"\" class=\"wp-image-129430\" srcset=\"https:\/\/smetanovalitomysl.cz\/wp-content\/uploads\/2022\/01\/DHP6358-Edit_c-Daniel-Havel_LQ-2-1024x682.jpg 1024w, https:\/\/smetanovalitomysl.cz\/wp-content\/uploads\/2022\/01\/DHP6358-Edit_c-Daniel-Havel_LQ-2-300x200.jpg 300w, https:\/\/smetanovalitomysl.cz\/wp-content\/uploads\/2022\/01\/DHP6358-Edit_c-Daniel-Havel_LQ-2-768x512.jpg 768w, https:\/\/smetanovalitomysl.cz\/wp-content\/uploads\/2022\/01\/DHP6358-Edit_c-Daniel-Havel_LQ-2-1536x1024.jpg 1536w, https:\/\/smetanovalitomysl.cz\/wp-content\/uploads\/2022\/01\/DHP6358-Edit_c-Daniel-Havel_LQ-2-scaled.jpg 1620w\" sizes=\"(max-width: 1024px) 100vw, 1024px\" \/><\/a><\/figure>\n\n\n\n<figure class=\"wp-block-image size-large\"><a href=\"https:\/\/smetanovalitomysl.cz\/wp-content\/uploads\/2022\/01\/Zemlinsky-Quartet&#xA9;Ilona-Sochorova_02-scaled.jpg\"><img decoding=\"async\" src=\"https:\/\/smetanovalitomysl.cz\/wp-content\/uploads\/2022\/01\/Zemlinsky-Quartet&#xA9;Ilona-Sochorova_02-1024x676.jpg\" alt=\"\" class=\"wp-image-126471\"\/><\/a><\/figure>\n\n\n\n<figure class=\"wp-block-image size-large\"><a href=\"https:\/\/smetanovalitomysl.cz\/wp-content\/uploads\/2022\/01\/Zemlinsky-Quartet&#xA9;Ilona-Sochorova-scaled.jpg\"><img decoding=\"async\" src=\"https:\/\/smetanovalitomysl.cz\/wp-content\/uploads\/2022\/01\/Zemlinsky-Quartet&#xA9;Ilona-Sochorova-1024x683.jpg\" alt=\"\" class=\"wp-image-126470\"\/><\/a><\/figure>\n<\/figure>\n<\/div>\n<\/div>\n<\/div>\n<\/div>\n<\/div>\n<\/div>\n<\/div>\n<\/div>\n\n\n\n<p><\/p>\n<\/div>\n<\/div>\n","protected":false},"featured_media":126388,"template":"","zarn":[],"ambasadori":[2874],"class_list":["post-129423","udalosti","type-udalosti","status-archived","has-post-thumbnail","hentry","misto_konani-smetana-house","autor_dila-gemrot-jiri-en","autor_dila-martinu-bohuslav-en","zanr-chamber-series","ucinkujici-martinu-voices-en","ucinkujici-vasilek-lukas-en","ucinkujici-zemlinskeho-kvarteto-en","ucinkujici-zukal-matous-en","balicek-festival-catalogue","balicek-programme","balicek-shuttle-service"],"acf":[],"_links":{"self":[{"href":"https:\/\/smetanovalitomysl.cz\/en\/wp-json\/wp\/v2\/udalosti\/129423","targetHints":{"allow":["GET"]}}],"collection":[{"href":"https:\/\/smetanovalitomysl.cz\/en\/wp-json\/wp\/v2\/udalosti"}],"about":[{"href":"https:\/\/smetanovalitomysl.cz\/en\/wp-json\/wp\/v2\/types\/udalosti"}],"wp:featuredmedia":[{"embeddable":true,"href":"https:\/\/smetanovalitomysl.cz\/en\/wp-json\/wp\/v2\/media\/126388"}],"wp:attachment":[{"href":"https:\/\/smetanovalitomysl.cz\/en\/wp-json\/wp\/v2\/media?parent=129423"}],"wp:term":[{"taxonomy":"zarn","embeddable":true,"href":"https:\/\/smetanovalitomysl.cz\/en\/wp-json\/wp\/v2\/zarn?post=129423"},{"taxonomy":"ambasadori","embeddable":true,"href":"https:\/\/smetanovalitomysl.cz\/en\/wp-json\/wp\/v2\/ambasadori?post=129423"}],"curies":[{"name":"wp","href":"https:\/\/api.w.org\/{rel}","templated":true}]}}

<p class="has-text-align-left ud&#xE1;lost-popis">This concert by the Martinů Voices ensemble will pay tribute above all to the works of two Polička natives – composer Bohuslav Martinů and poet and novelist Miloslav Bureš. Jiří Gemrot&#8217;s cantata The Burying of Light on Bureš&#8217;s lyrics, which Martinů also wished to set to music, will be heard for the first time.&#13;
</p>

<div style="height:52px" aria-hidden="true" class="wp-block-spacer"></div>

<div class="wp-block-columns is-layout-flex wp-container-core-columns-is-layout-1 wp-block-columns-is-layout-flex">
<div class="wp-block-column is-layout-flow wp-block-column-is-layout-flow" style="flex-basis:100%">
<div class="wp-block-media-text alignwide is-stacked-on-mobile" style="grid-template-columns:21% auto"><figure class="wp-block-media-text__media"><img fetchpriority="high" decoding="async" width="1024" height="744" src="https://smetanovalitomysl.cz/wp-content/uploads/2022/01/049_Miloslav-Bures-1024x744.jpg" alt="" class="wp-image-129428 size-full" srcset="https://smetanovalitomysl.cz/wp-content/uploads/2022/01/049_Miloslav-Bures-1024x744.jpg 1024w, https://smetanovalitomysl.cz/wp-content/uploads/2022/01/049_Miloslav-Bures-300x218.jpg 300w, https://smetanovalitomysl.cz/wp-content/uploads/2022/01/049_Miloslav-Bures-768x558.jpg 768w, https://smetanovalitomysl.cz/wp-content/uploads/2022/01/049_Miloslav-Bures.jpg 1200w" sizes="(max-width: 1024px) 100vw, 1024px" /></figure><div class="wp-block-media-text__content">
<p><em>&#8220;I still can&#8217;t understand that farewell. He smiles and waves his hand:</em>&#13;
<em>»Send me the verses, The Burying of Light, in a month from now. I will be able to work again by then. Will make them into a new cantata,&#8221; he thinks of the old beautiful habit of the Vysočina glassmakers</em>&#13;
<em>we were talking about.&#8221; </em></p>



<p class="has-text-align-right"><em>Miloslav Bureš about his last meeting with Bohuslav Martinů, 1959</em></p>
</div></div>
</div>
</div>

<div style="height:43px" aria-hidden="true" class="wp-block-spacer"></div>

<p>Jiří Gemrot</p>

<p><b>Elegy for Military Secretaries</b></p>

<p>for solo voices, mixed choir, violin, viola and cello; lyrics by Jiří Dědeček</p>

<hr class="wp-block-separator"/>

<p>Jiří Gemrot</p>

<p><strong>The Burying of Light</strong></p>

<p>Premiere of a cantata for narrator, baritone, mixed choir, String quartet and piano. Libretto was written by Vojtěch Stříteský, based on rhymes, texts and a collection of the same name by Miloslav Bureš.&#13;
</p>

<hr class="wp-block-separator"/>

<p>Bohuslav Martinů</p>

<p><strong>Five Czech Madrigals</strong></p>

<p>for mixed choir a cappella H. 321 (1948) </p>

<p><em>The message delivered by the Dove</em></p>

<p><em>My Aching Head</em></p>

<p><em>Geese Floating on Water</em></p>

<p><em>Riding to See My love</em></p>

<p><em>Spells and Calumnies</em></p>

<hr class="wp-block-separator"/>

<p>Bohuslav Martinů</p>

<p><strong>Mikeš from the Mountains</strong></p>

<p>cantata on the text of a poem by Miloslav Bureš, for soli, mixed choir and instrumental accompaniment H. 375  &#13;
</p>

<hr class="wp-block-separator"/>

<div style="height:100px" aria-hidden="true" class="wp-block-spacer"></div>

<div class="wp-block-columns is-layout-flex wp-container-core-columns-is-layout-4 wp-block-columns-is-layout-flex">
<div class="wp-block-column is-layout-flow wp-block-column-is-layout-flow" style="flex-basis:100%">
<h4 class="wp-block-heading">photogallery</h4>



<div class="wp-block-group is-layout-flow wp-block-group-is-layout-flow">
<div class="wp-block-columns is-layout-flex wp-container-core-columns-is-layout-3 wp-block-columns-is-layout-flex">
<div class="wp-block-column is-layout-flow wp-block-column-is-layout-flow" style="flex-basis:100%">
<div class="wp-block-group is-layout-flow wp-block-group-is-layout-flow">
<div class="wp-block-group is-layout-flow wp-block-group-is-layout-flow">
<div class="wp-block-columns is-layout-flex wp-container-core-columns-is-layout-2 wp-block-columns-is-layout-flex">
<div class="wp-block-column is-layout-flow wp-block-column-is-layout-flow" style="flex-basis:100%">
<div class="wp-block-group is-layout-flow wp-block-group-is-layout-flow">
<figure class="wp-block-gallery has-nested-images columns-3 is-cropped wp-block-gallery-1 is-layout-flex wp-block-gallery-is-layout-flex">
<figure class="wp-block-image size-large"><a href="https://smetanovalitomysl.cz/wp-content/uploads/2022/01/DHP6358-Edit_c-Daniel-Havel_LQ-2-scaled.jpg"><img decoding="async" width="1024" height="682" src="https://smetanovalitomysl.cz/wp-content/uploads/2022/01/DHP6358-Edit_c-Daniel-Havel_LQ-2-1024x682.jpg" alt="" class="wp-image-129430" srcset="https://smetanovalitomysl.cz/wp-content/uploads/2022/01/DHP6358-Edit_c-Daniel-Havel_LQ-2-1024x682.jpg 1024w, https://smetanovalitomysl.cz/wp-content/uploads/2022/01/DHP6358-Edit_c-Daniel-Havel_LQ-2-300x200.jpg 300w, https://smetanovalitomysl.cz/wp-content/uploads/2022/01/DHP6358-Edit_c-Daniel-Havel_LQ-2-768x512.jpg 768w, https://smetanovalitomysl.cz/wp-content/uploads/2022/01/DHP6358-Edit_c-Daniel-Havel_LQ-2-1536x1024.jpg 1536w, https://smetanovalitomysl.cz/wp-content/uploads/2022/01/DHP6358-Edit_c-Daniel-Havel_LQ-2-scaled.jpg 1620w" sizes="(max-width: 1024px) 100vw, 1024px" /></a></figure>



<figure class="wp-block-image size-large"><a href="https://smetanovalitomysl.cz/wp-content/uploads/2022/01/Zemlinsky-Quartet&#xA9;Ilona-Sochorova_02-scaled.jpg"><img decoding="async" src="https://smetanovalitomysl.cz/wp-content/uploads/2022/01/Zemlinsky-Quartet&#xA9;Ilona-Sochorova_02-1024x676.jpg" alt="" class="wp-image-126471"/></a></figure>



<figure class="wp-block-image size-large"><a href="https://smetanovalitomysl.cz/wp-content/uploads/2022/01/Zemlinsky-Quartet&#xA9;Ilona-Sochorova-scaled.jpg"><img decoding="async" src="https://smetanovalitomysl.cz/wp-content/uploads/2022/01/Zemlinsky-Quartet&#xA9;Ilona-Sochorova-1024x683.jpg" alt="" class="wp-image-126470"/></a></figure>
</figure>
</div>
</div>
</div>
</div>
</div>
</div>
</div>
</div>



<p></p>
</div>
</div>
