{"id":129488,"date":"2022-01-26T19:15:16","date_gmt":"2022-01-26T18:15:16","guid":{"rendered":"https:\/\/smetanovalitomysl.cz\/udalosti\/concert-by-popular-request-vojtech-dyk-the-king-of-swing-2\/"},"modified":"2022-06-10T23:44:48","modified_gmt":"2022-06-10T21:44:48","slug":"concert-by-popular-request-vojtech-dyk-the-king-of-swing-2","status":"archived","type":"udalosti","link":"https:\/\/smetanovalitomysl.cz\/en\/udalosti\/concert-by-popular-request-vojtech-dyk-the-king-of-swing-2\/","title":{"rendered":"Concert by Popular Request \u2013 Vojt\u011bch Dyk &#038; the King of Swing"},"content":{"rendered":"\n<p class=\"has-text-align-left ud&#xE1;lost-popis\">Five years on, the popular Concert by Popular Request belongs to Vojt\u011bch Dyk and the B-Side Band, this time in the company of the Jan\u00e1\u010dek Philharmonic Ostrava and under the baton of Jan Ku\u010dera. To celebrate a decade of extremely successful artistic collaboration between Vojt\u011bch Dyk and the B-Side Band of bandleader Josef Buchta, a concert project Ten Years of Beat in Swing was created in 2020, which, however, due to the pandemic, was staged only three times; the two shows in Litomy\u0161l will therefore be its renewed premi\u00e9res.&#13;\n<\/p>\n\n<div style=\"height:52px\" aria-hidden=\"true\" class=\"wp-block-spacer\"><\/div>\n\n<div class=\"wp-block-columns is-layout-flex wp-container-core-columns-is-layout-1 wp-block-columns-is-layout-flex\">\n<div class=\"wp-block-column is-layout-flow wp-block-column-is-layout-flow\" style=\"flex-basis:100%\">\n<div class=\"wp-block-media-text alignwide is-stacked-on-mobile\" style=\"grid-template-columns:21% auto\"><figure class=\"wp-block-media-text__media\"><img fetchpriority=\"high\" decoding=\"async\" width=\"1024\" height=\"683\" src=\"https:\/\/smetanovalitomysl.cz\/wp-content\/uploads\/2022\/01\/033_Milan-Bator-1024x683.jpg\" alt=\"\" class=\"wp-image-128958 size-full\" srcset=\"https:\/\/smetanovalitomysl.cz\/wp-content\/uploads\/2022\/01\/033_Milan-Bator-1024x683.jpg 1024w, https:\/\/smetanovalitomysl.cz\/wp-content\/uploads\/2022\/01\/033_Milan-Bator-300x200.jpg 300w, https:\/\/smetanovalitomysl.cz\/wp-content\/uploads\/2022\/01\/033_Milan-Bator-768x512.jpg 768w, https:\/\/smetanovalitomysl.cz\/wp-content\/uploads\/2022\/01\/033_Milan-Bator-1536x1024.jpg 1536w, https:\/\/smetanovalitomysl.cz\/wp-content\/uploads\/2022\/01\/033_Milan-Bator.jpg 1620w\" sizes=\"(max-width: 1024px) 100vw, 1024px\" \/><\/figure><div class=\"wp-block-media-text__content\">\n<p><em>&#8220;For a singer of his format it doesn&#8217;t matter whether he sings jazz, swing or even a pop ballad. Thanks to his endless versatility, he excels in all styles with a voice of the same quality and absolutely extraordinary range. He enchants you with his great phrasing and his feeling of melody, rhythm and lyrics. No less important component of his performance is his extraordinary talent for motion and dance, in which he is matching professional dancers.&#8221; <\/em><\/p>\n\n\n\n<p class=\"has-text-align-right\"><em>Milan B\u00e1tor, 2020<\/em><\/p>\n<\/div><\/div>\n<\/div>\n<\/div>\n\n<div style=\"height:43px\" aria-hidden=\"true\" class=\"wp-block-spacer\"><\/div>\n\n<p>This concert programme features twenty standards, original compositions and arrangements of jazz, swing, rock and classical music (Dvo\u0159\u00e1k&#8217;s Largo) by Petr Mal\u00e1sek, Petr Jir\u00e1k, Boris Urb\u00e1nek, Zden\u011bk Nov\u00e1k, Ond\u0159ej Brzobohat\u00fd and Ond\u0159ej Brousek. &#13;\n<\/p>\n\n<p>To name a few: Mona Lisa \u2022 A veces \u2022 The Sky Is Clear \u2022 Waters \u2022 Feeling Good \u2022 It Had Better Be Tonight \u2022 What&#8217;s This \u2022 Beautiful Day \u2022 Fragilidad \u2022 Cry Me a River\u2026 <\/p>\n\n<hr class=\"wp-block-separator\"\/>\n\n<div style=\"height:100px\" aria-hidden=\"true\" class=\"wp-block-spacer\"><\/div>\n\n<div class=\"wp-block-columns is-layout-flex wp-container-core-columns-is-layout-4 wp-block-columns-is-layout-flex\">\n<div class=\"wp-block-column is-layout-flow wp-block-column-is-layout-flow\" style=\"flex-basis:100%\">\n<h4 class=\"wp-block-heading\">photogallery<\/h4>\n\n\n\n<div class=\"wp-block-group is-layout-flow wp-block-group-is-layout-flow\">\n<div class=\"wp-block-columns is-layout-flex wp-container-core-columns-is-layout-3 wp-block-columns-is-layout-flex\">\n<div class=\"wp-block-column is-layout-flow wp-block-column-is-layout-flow\" style=\"flex-basis:100%\">\n<div class=\"wp-block-group is-layout-flow wp-block-group-is-layout-flow\">\n<div class=\"wp-block-group is-layout-flow wp-block-group-is-layout-flow\">\n<div class=\"wp-block-columns is-layout-flex wp-container-core-columns-is-layout-2 wp-block-columns-is-layout-flex\">\n<div class=\"wp-block-column is-layout-flow wp-block-column-is-layout-flow\" style=\"flex-basis:100%\">\n<div class=\"wp-block-group is-layout-flow wp-block-group-is-layout-flow\">\n<figure class=\"wp-block-gallery has-nested-images columns-4 is-cropped wp-block-gallery-1 is-layout-flex wp-block-gallery-is-layout-flex\">\n<figure class=\"wp-block-image size-large\"><a href=\"https:\/\/smetanovalitomysl.cz\/wp-content\/uploads\/2022\/01\/Vojtech-Dyk-BSB-a-JFO&#xA9;Tino-Kratochvil.jpg\"><img decoding=\"async\" src=\"https:\/\/smetanovalitomysl.cz\/wp-content\/uploads\/2022\/01\/Vojtech-Dyk-BSB-a-JFO&#xA9;Tino-Kratochvil-1024x682.jpg\" alt=\"\" class=\"wp-image-126200\"\/><\/a><\/figure>\n\n\n\n<figure class=\"wp-block-image size-large\"><a href=\"https:\/\/smetanovalitomysl.cz\/wp-content\/uploads\/2022\/01\/TIT-Vojta-s-projekci-1024x630.jpg\"><img decoding=\"async\" src=\"https:\/\/smetanovalitomysl.cz\/wp-content\/uploads\/2022\/01\/TIT-Vojta-s-projekci-1024x630.jpg\" alt=\"\" class=\"wp-image-126199\"\/><\/a><\/figure>\n\n\n\n<figure class=\"wp-block-image size-large\"><a href=\"https:\/\/smetanovalitomysl.cz\/wp-content\/uploads\/2022\/01\/Kucera-Jan&#xA9;Jan-Kolman-scaled.jpg\"><img decoding=\"async\" src=\"https:\/\/smetanovalitomysl.cz\/wp-content\/uploads\/2022\/01\/Kucera-Jan&#xA9;Jan-Kolman-1024x768.jpg\" alt=\"\" class=\"wp-image-126198\"\/><\/a><\/figure>\n\n\n\n<figure class=\"wp-block-image size-large\"><a href=\"https:\/\/smetanovalitomysl.cz\/wp-content\/uploads\/2022\/01\/Vojtech-Dyk-BSB-a-JFO&#xA9;Tino-Kratochvil_01.jpg\"><img decoding=\"async\" src=\"https:\/\/smetanovalitomysl.cz\/wp-content\/uploads\/2022\/01\/Vojtech-Dyk-BSB-a-JFO&#xA9;Tino-Kratochvil_01-1024x682.jpg\" alt=\"\" class=\"wp-image-126201\"\/><\/a><\/figure>\n<\/figure>\n\n\n\n<p><\/p>\n<\/div>\n<\/div>\n<\/div>\n<\/div>\n<\/div>\n<\/div>\n<\/div>\n<\/div>\n\n\n\n<p><\/p>\n<\/div>\n<\/div>\n","protected":false},"featured_media":128110,"template":"","zarn":[],"ambasadori":[2874],"class_list":["post-129488","udalosti","type-udalosti","status-archived","has-post-thumbnail","hentry","misto_konani-the-castle-courtyard","zanr-concert-series","ucinkujici-b-side-band-en","ucinkujici-dyk-vojtech-en","ucinkujici-janacek-philharmonic-ostrava","ucinkujici-kucera-jan-en","ucinkujici-urbanek-boris-en","ucinkujici-zacek-michal-en","balicek-festival-catalogue","balicek-festival-dinner-en","balicek-intermission-table","balicek-programme","balicek-shuttle-service","balicek-sushi-box-en"],"acf":[],"_links":{"self":[{"href":"https:\/\/smetanovalitomysl.cz\/en\/wp-json\/wp\/v2\/udalosti\/129488","targetHints":{"allow":["GET"]}}],"collection":[{"href":"https:\/\/smetanovalitomysl.cz\/en\/wp-json\/wp\/v2\/udalosti"}],"about":[{"href":"https:\/\/smetanovalitomysl.cz\/en\/wp-json\/wp\/v2\/types\/udalosti"}],"wp:featuredmedia":[{"embeddable":true,"href":"https:\/\/smetanovalitomysl.cz\/en\/wp-json\/wp\/v2\/media\/128110"}],"wp:attachment":[{"href":"https:\/\/smetanovalitomysl.cz\/en\/wp-json\/wp\/v2\/media?parent=129488"}],"wp:term":[{"taxonomy":"zarn","embeddable":true,"href":"https:\/\/smetanovalitomysl.cz\/en\/wp-json\/wp\/v2\/zarn?post=129488"},{"taxonomy":"ambasadori","embeddable":true,"href":"https:\/\/smetanovalitomysl.cz\/en\/wp-json\/wp\/v2\/ambasadori?post=129488"}],"curies":[{"name":"wp","href":"https:\/\/api.w.org\/{rel}","templated":true}]}}

Concert by Popular Request – Vojtěch Dyk &#038; the King of Swing

<p class="has-text-align-left ud&#xE1;lost-popis">Five years on, the popular Concert by Popular Request belongs to Vojtěch Dyk and the B-Side Band, this time in the company of the Janáček Philharmonic Ostrava and under the baton of Jan Kučera. To celebrate a decade of extremely successful artistic collaboration between Vojtěch Dyk and the B-Side Band of bandleader Josef Buchta, a concert project Ten Years of Beat in Swing was created in 2020, which, however, due to the pandemic, was staged only three times; the two shows in Litomyšl will therefore be its renewed premiéres.&#13;
</p>

<div style="height:52px" aria-hidden="true" class="wp-block-spacer"></div>

<div class="wp-block-columns is-layout-flex wp-container-core-columns-is-layout-1 wp-block-columns-is-layout-flex">
<div class="wp-block-column is-layout-flow wp-block-column-is-layout-flow" style="flex-basis:100%">
<div class="wp-block-media-text alignwide is-stacked-on-mobile" style="grid-template-columns:21% auto"><figure class="wp-block-media-text__media"><img fetchpriority="high" decoding="async" width="1024" height="683" src="https://smetanovalitomysl.cz/wp-content/uploads/2022/01/033_Milan-Bator-1024x683.jpg" alt="" class="wp-image-128958 size-full" srcset="https://smetanovalitomysl.cz/wp-content/uploads/2022/01/033_Milan-Bator-1024x683.jpg 1024w, https://smetanovalitomysl.cz/wp-content/uploads/2022/01/033_Milan-Bator-300x200.jpg 300w, https://smetanovalitomysl.cz/wp-content/uploads/2022/01/033_Milan-Bator-768x512.jpg 768w, https://smetanovalitomysl.cz/wp-content/uploads/2022/01/033_Milan-Bator-1536x1024.jpg 1536w, https://smetanovalitomysl.cz/wp-content/uploads/2022/01/033_Milan-Bator.jpg 1620w" sizes="(max-width: 1024px) 100vw, 1024px" /></figure><div class="wp-block-media-text__content">
<p><em>&#8220;For a singer of his format it doesn&#8217;t matter whether he sings jazz, swing or even a pop ballad. Thanks to his endless versatility, he excels in all styles with a voice of the same quality and absolutely extraordinary range. He enchants you with his great phrasing and his feeling of melody, rhythm and lyrics. No less important component of his performance is his extraordinary talent for motion and dance, in which he is matching professional dancers.&#8221; </em></p>



<p class="has-text-align-right"><em>Milan Bátor, 2020</em></p>
</div></div>
</div>
</div>

<div style="height:43px" aria-hidden="true" class="wp-block-spacer"></div>

<p>This concert programme features twenty standards, original compositions and arrangements of jazz, swing, rock and classical music (Dvořák&#8217;s Largo) by Petr Malásek, Petr Jirák, Boris Urbánek, Zdeněk Novák, Ondřej Brzobohatý and Ondřej Brousek. &#13;
</p>

<p>To name a few: Mona Lisa • A veces • The Sky Is Clear • Waters • Feeling Good • It Had Better Be Tonight • What&#8217;s This • Beautiful Day • Fragilidad • Cry Me a River… </p>

<hr class="wp-block-separator"/>

<div style="height:100px" aria-hidden="true" class="wp-block-spacer"></div>

<div class="wp-block-columns is-layout-flex wp-container-core-columns-is-layout-4 wp-block-columns-is-layout-flex">
<div class="wp-block-column is-layout-flow wp-block-column-is-layout-flow" style="flex-basis:100%">
<h4 class="wp-block-heading">photogallery</h4>



<div class="wp-block-group is-layout-flow wp-block-group-is-layout-flow">
<div class="wp-block-columns is-layout-flex wp-container-core-columns-is-layout-3 wp-block-columns-is-layout-flex">
<div class="wp-block-column is-layout-flow wp-block-column-is-layout-flow" style="flex-basis:100%">
<div class="wp-block-group is-layout-flow wp-block-group-is-layout-flow">
<div class="wp-block-group is-layout-flow wp-block-group-is-layout-flow">
<div class="wp-block-columns is-layout-flex wp-container-core-columns-is-layout-2 wp-block-columns-is-layout-flex">
<div class="wp-block-column is-layout-flow wp-block-column-is-layout-flow" style="flex-basis:100%">
<div class="wp-block-group is-layout-flow wp-block-group-is-layout-flow">
<figure class="wp-block-gallery has-nested-images columns-4 is-cropped wp-block-gallery-1 is-layout-flex wp-block-gallery-is-layout-flex">
<figure class="wp-block-image size-large"><a href="https://smetanovalitomysl.cz/wp-content/uploads/2022/01/Vojtech-Dyk-BSB-a-JFO&#xA9;Tino-Kratochvil.jpg"><img decoding="async" src="https://smetanovalitomysl.cz/wp-content/uploads/2022/01/Vojtech-Dyk-BSB-a-JFO&#xA9;Tino-Kratochvil-1024x682.jpg" alt="" class="wp-image-126200"/></a></figure>



<figure class="wp-block-image size-large"><a href="https://smetanovalitomysl.cz/wp-content/uploads/2022/01/TIT-Vojta-s-projekci-1024x630.jpg"><img decoding="async" src="https://smetanovalitomysl.cz/wp-content/uploads/2022/01/TIT-Vojta-s-projekci-1024x630.jpg" alt="" class="wp-image-126199"/></a></figure>



<figure class="wp-block-image size-large"><a href="https://smetanovalitomysl.cz/wp-content/uploads/2022/01/Kucera-Jan&#xA9;Jan-Kolman-scaled.jpg"><img decoding="async" src="https://smetanovalitomysl.cz/wp-content/uploads/2022/01/Kucera-Jan&#xA9;Jan-Kolman-1024x768.jpg" alt="" class="wp-image-126198"/></a></figure>



<figure class="wp-block-image size-large"><a href="https://smetanovalitomysl.cz/wp-content/uploads/2022/01/Vojtech-Dyk-BSB-a-JFO&#xA9;Tino-Kratochvil_01.jpg"><img decoding="async" src="https://smetanovalitomysl.cz/wp-content/uploads/2022/01/Vojtech-Dyk-BSB-a-JFO&#xA9;Tino-Kratochvil_01-1024x682.jpg" alt="" class="wp-image-126201"/></a></figure>
</figure>



<p></p>
</div>
</div>
</div>
</div>
</div>
</div>
</div>
</div>



<p></p>
</div>
</div>
