{"id":136992,"date":"2023-01-20T10:29:07","date_gmt":"2023-01-20T09:29:07","guid":{"rendered":"https:\/\/smetanovalitomysl.cz\/?post_type=udalosti&#038;p=136992"},"modified":"2023-10-31T17:11:01","modified_gmt":"2023-10-31T16:11:01","slug":"song-recital-by-jan-martinik","status":"archived","type":"udalosti","link":"https:\/\/smetanovalitomysl.cz\/en\/udalosti\/song-recital-by-jan-martinik\/","title":{"rendered":"Song Recital by Jan Martin\u00edk"},"content":{"rendered":"\n<p class=\"has-text-align-left ud&#xE1;lost-popis\"> <\/p>\n\n<div style=\"height:52px\" aria-hidden=\"true\" class=\"wp-block-spacer\"><\/div>\n\n<div class=\"wp-block-columns is-layout-flex wp-container-core-columns-is-layout-1 wp-block-columns-is-layout-flex\">\n<div class=\"wp-block-column is-layout-flow wp-block-column-is-layout-flow\" style=\"flex-basis:100%\">\n<div class=\"wp-block-media-text alignwide is-stacked-on-mobile\" style=\"grid-template-columns:21% auto\"><figure class=\"wp-block-media-text__media\"><img fetchpriority=\"high\" decoding=\"async\" width=\"660\" height=\"371\" src=\"https:\/\/smetanovalitomysl.cz\/wp-content\/uploads\/2021\/05\/Smetana-200.jpg\" alt=\"\" class=\"wp-image-10403 size-full\" srcset=\"https:\/\/smetanovalitomysl.cz\/wp-content\/uploads\/2021\/05\/Smetana-200.jpg 660w, https:\/\/smetanovalitomysl.cz\/wp-content\/uploads\/2021\/05\/Smetana-200-300x169.jpg 300w\" sizes=\"(max-width: 660px) 100vw, 660px\" \/><\/figure><div class=\"wp-block-media-text__content\">\n<p><em>&#8220;\u2026Beautiful poems of my eternal friend and fellow-brother prompted me to set some of them to music. Please, my lady, accept this humble proof of my unlimited admiration for the muse of your illustrious spouse, my friend H\u00e1lek&#8230;&#8221;<\/em><\/p>\n\n\n\n<p class=\"has-text-align-right\"><em>Bed\u0159ich Smetana, 1880<\/em><\/p>\n<\/div><\/div>\n<\/div>\n<\/div>\n\n<div style=\"height:52px\" aria-hidden=\"true\" class=\"wp-block-spacer\"><\/div>\n\n<p>Anton\u00edn Dvo\u0159\u00e1k<\/p>\n\n<p><strong>Evening Songs<\/strong><\/p>\n\n<p>selection from song cycles with lyrics by V\u00edt\u011bzslav H\u00e1lek<\/p>\n\n<hr class=\"wp-block-separator has-css-opacity\"\/>\n\n<p>Bed\u0159ich Smetana<\/p>\n\n<p><strong>Evening Songs<\/strong><\/p>\n\n<p>selection from song cycles with lyrics by V\u00edt\u011bzslav H\u00e1lek<\/p>\n\n<hr class=\"wp-block-separator has-css-opacity\"\/>\n\n<p>Jaroslav K\u0159i\u010dka<\/p>\n\n<p><strong>Northern Nights<\/strong><\/p>\n\n<p>a cycle of four songs with lyrics by Konstantin Balmont<\/p>\n\n<hr class=\"wp-block-separator has-css-opacity\"\/>\n\n<p>Anton\u00edn Dvo\u0159\u00e1k<\/p>\n\n<p><strong>Biblical Songs, Op. 99<\/strong><\/p>\n\n<p>a cycle of songs on the Book of Psalms<\/p>\n\n<div style=\"height:100px\" aria-hidden=\"true\" class=\"wp-block-spacer\"><\/div>\n\n<div class=\"wp-block-columns is-layout-flex wp-container-core-columns-is-layout-4 wp-block-columns-is-layout-flex\">\n<div class=\"wp-block-column is-layout-flow wp-block-column-is-layout-flow\" style=\"flex-basis:100%\">\n<h4 class=\"wp-block-heading\">photogallery<\/h4>\n\n\n\n<div class=\"wp-block-group is-layout-flow wp-block-group-is-layout-flow\">\n<div class=\"wp-block-columns is-layout-flex wp-container-core-columns-is-layout-3 wp-block-columns-is-layout-flex\">\n<div class=\"wp-block-column is-layout-flow wp-block-column-is-layout-flow\" style=\"flex-basis:100%\">\n<div class=\"wp-block-group is-layout-flow wp-block-group-is-layout-flow\">\n<div class=\"wp-block-group is-layout-flow wp-block-group-is-layout-flow\">\n<div class=\"wp-block-columns is-layout-flex wp-container-core-columns-is-layout-2 wp-block-columns-is-layout-flex\">\n<div class=\"wp-block-column is-layout-flow wp-block-column-is-layout-flow\" style=\"flex-basis:100%\">\n<div class=\"wp-block-group is-layout-flow wp-block-group-is-layout-flow\">\n<figure class=\"wp-block-gallery has-nested-images columns-4 is-cropped wp-block-gallery-1 is-layout-flex wp-block-gallery-is-layout-flex\">\n<figure class=\"wp-block-image size-large\"><a href=\"https:\/\/smetanovalitomysl.cz\/wp-content\/uploads\/2023\/01\/170308_Marecek-Martinik-Winterreise_hires_22_c_PetraHajska-scaled.jpg\"><img decoding=\"async\" width=\"1617\" height=\"1080\" src=\"https:\/\/smetanovalitomysl.cz\/wp-content\/uploads\/2023\/01\/170308_Marecek-Martinik-Winterreise_hires_22_c_PetraHajska-scaled.jpg\" alt=\"\" class=\"wp-image-136348\" srcset=\"https:\/\/smetanovalitomysl.cz\/wp-content\/uploads\/2023\/01\/170308_Marecek-Martinik-Winterreise_hires_22_c_PetraHajska-scaled.jpg 1617w, https:\/\/smetanovalitomysl.cz\/wp-content\/uploads\/2023\/01\/170308_Marecek-Martinik-Winterreise_hires_22_c_PetraHajska-300x200.jpg 300w, https:\/\/smetanovalitomysl.cz\/wp-content\/uploads\/2023\/01\/170308_Marecek-Martinik-Winterreise_hires_22_c_PetraHajska-1024x684.jpg 1024w, https:\/\/smetanovalitomysl.cz\/wp-content\/uploads\/2023\/01\/170308_Marecek-Martinik-Winterreise_hires_22_c_PetraHajska-768x513.jpg 768w, https:\/\/smetanovalitomysl.cz\/wp-content\/uploads\/2023\/01\/170308_Marecek-Martinik-Winterreise_hires_22_c_PetraHajska-1536x1026.jpg 1536w, https:\/\/smetanovalitomysl.cz\/wp-content\/uploads\/2023\/01\/170308_Marecek-Martinik-Winterreise_hires_22_c_PetraHajska-2048x1368.jpg 2048w\" sizes=\"(max-width: 1617px) 100vw, 1617px\" \/><\/a><\/figure>\n\n\n\n<figure class=\"wp-block-image size-large\"><a href=\"https:\/\/smetanovalitomysl.cz\/wp-content\/uploads\/2023\/01\/marecek-martinik-Petra-Hajska-scaled.jpg\"><img decoding=\"async\" width=\"1619\" height=\"1080\" src=\"https:\/\/smetanovalitomysl.cz\/wp-content\/uploads\/2023\/01\/marecek-martinik-Petra-Hajska-scaled.jpg\" alt=\"\" class=\"wp-image-136350\" srcset=\"https:\/\/smetanovalitomysl.cz\/wp-content\/uploads\/2023\/01\/marecek-martinik-Petra-Hajska-scaled.jpg 1619w, https:\/\/smetanovalitomysl.cz\/wp-content\/uploads\/2023\/01\/marecek-martinik-Petra-Hajska-300x200.jpg 300w, https:\/\/smetanovalitomysl.cz\/wp-content\/uploads\/2023\/01\/marecek-martinik-Petra-Hajska-1024x683.jpg 1024w, https:\/\/smetanovalitomysl.cz\/wp-content\/uploads\/2023\/01\/marecek-martinik-Petra-Hajska-768x513.jpg 768w, https:\/\/smetanovalitomysl.cz\/wp-content\/uploads\/2023\/01\/marecek-martinik-Petra-Hajska-1536x1025.jpg 1536w, https:\/\/smetanovalitomysl.cz\/wp-content\/uploads\/2023\/01\/marecek-martinik-Petra-Hajska-2048x1367.jpg 2048w\" sizes=\"(max-width: 1619px) 100vw, 1619px\" \/><\/a><\/figure>\n\n\n\n<figure class=\"wp-block-image size-large\"><a href=\"https:\/\/smetanovalitomysl.cz\/wp-content\/uploads\/2021\/03\/smetanuv-dum.jpg\"><img loading=\"lazy\" decoding=\"async\" width=\"1000\" height=\"666\" src=\"https:\/\/smetanovalitomysl.cz\/wp-content\/uploads\/2021\/03\/smetanuv-dum.jpg\" alt=\"\" class=\"wp-image-2407\" srcset=\"https:\/\/smetanovalitomysl.cz\/wp-content\/uploads\/2021\/03\/smetanuv-dum.jpg 1000w, https:\/\/smetanovalitomysl.cz\/wp-content\/uploads\/2021\/03\/smetanuv-dum-300x200.jpg 300w, https:\/\/smetanovalitomysl.cz\/wp-content\/uploads\/2021\/03\/smetanuv-dum-768x511.jpg 768w\" sizes=\"(max-width: 1000px) 100vw, 1000px\" \/><\/a><\/figure>\n\n\n\n<figure class=\"wp-block-image size-large\"><a href=\"https:\/\/smetanovalitomysl.cz\/wp-content\/uploads\/2021\/03\/smetanuv-dum-zahajovaci-koncert.jpg\"><img loading=\"lazy\" decoding=\"async\" width=\"1000\" height=\"667\" src=\"https:\/\/smetanovalitomysl.cz\/wp-content\/uploads\/2021\/03\/smetanuv-dum-zahajovaci-koncert.jpg\" alt=\"\" class=\"wp-image-2455\" srcset=\"https:\/\/smetanovalitomysl.cz\/wp-content\/uploads\/2021\/03\/smetanuv-dum-zahajovaci-koncert.jpg 1000w, https:\/\/smetanovalitomysl.cz\/wp-content\/uploads\/2021\/03\/smetanuv-dum-zahajovaci-koncert-300x200.jpg 300w, https:\/\/smetanovalitomysl.cz\/wp-content\/uploads\/2021\/03\/smetanuv-dum-zahajovaci-koncert-768x512.jpg 768w\" sizes=\"(max-width: 1000px) 100vw, 1000px\" \/><\/a><\/figure>\n<\/figure>\n<\/div>\n<\/div>\n<\/div>\n<\/div>\n<\/div>\n<\/div>\n<\/div>\n<\/div>\n\n\n\n<p><\/p>\n<\/div>\n<\/div>\n","protected":false},"featured_media":136354,"template":"","zarn":[],"ambasadori":[2874],"class_list":["post-136992","udalosti","type-udalosti","status-archived","has-post-thumbnail","hentry","misto_konani-smetana-house","autor_dila-dvorak-antonin-en","autor_dila-kricka-jaroslav-en","autor_dila-smetana-bedrich-en","zanr-chamber-series","ucinkujici-marecek-david-en","ucinkujici-martinik-jan-en","balicek-festival-catalogue","balicek-programme","balicek-shuttle-service"],"acf":[],"_links":{"self":[{"href":"https:\/\/smetanovalitomysl.cz\/en\/wp-json\/wp\/v2\/udalosti\/136992","targetHints":{"allow":["GET"]}}],"collection":[{"href":"https:\/\/smetanovalitomysl.cz\/en\/wp-json\/wp\/v2\/udalosti"}],"about":[{"href":"https:\/\/smetanovalitomysl.cz\/en\/wp-json\/wp\/v2\/types\/udalosti"}],"wp:featuredmedia":[{"embeddable":true,"href":"https:\/\/smetanovalitomysl.cz\/en\/wp-json\/wp\/v2\/media\/136354"}],"wp:attachment":[{"href":"https:\/\/smetanovalitomysl.cz\/en\/wp-json\/wp\/v2\/media?parent=136992"}],"wp:term":[{"taxonomy":"zarn","embeddable":true,"href":"https:\/\/smetanovalitomysl.cz\/en\/wp-json\/wp\/v2\/zarn?post=136992"},{"taxonomy":"ambasadori","embeddable":true,"href":"https:\/\/smetanovalitomysl.cz\/en\/wp-json\/wp\/v2\/ambasadori?post=136992"}],"curies":[{"name":"wp","href":"https:\/\/api.w.org\/{rel}","templated":true}]}}

Song Recital by Jan Martiník

<p class="has-text-align-left ud&#xE1;lost-popis"> </p>

<div style="height:52px" aria-hidden="true" class="wp-block-spacer"></div>

<div class="wp-block-columns is-layout-flex wp-container-core-columns-is-layout-1 wp-block-columns-is-layout-flex">
<div class="wp-block-column is-layout-flow wp-block-column-is-layout-flow" style="flex-basis:100%">
<div class="wp-block-media-text alignwide is-stacked-on-mobile" style="grid-template-columns:21% auto"><figure class="wp-block-media-text__media"><img fetchpriority="high" decoding="async" width="660" height="371" src="https://smetanovalitomysl.cz/wp-content/uploads/2021/05/Smetana-200.jpg" alt="" class="wp-image-10403 size-full" srcset="https://smetanovalitomysl.cz/wp-content/uploads/2021/05/Smetana-200.jpg 660w, https://smetanovalitomysl.cz/wp-content/uploads/2021/05/Smetana-200-300x169.jpg 300w" sizes="(max-width: 660px) 100vw, 660px" /></figure><div class="wp-block-media-text__content">
<p><em>&#8220;…Beautiful poems of my eternal friend and fellow-brother prompted me to set some of them to music. Please, my lady, accept this humble proof of my unlimited admiration for the muse of your illustrious spouse, my friend Hálek&#8230;&#8221;</em></p>



<p class="has-text-align-right"><em>Bedřich Smetana, 1880</em></p>
</div></div>
</div>
</div>

<div style="height:52px" aria-hidden="true" class="wp-block-spacer"></div>

<p>Antonín Dvořák</p>

<p><strong>Evening Songs</strong></p>

<p>selection from song cycles with lyrics by Vítězslav Hálek</p>

<hr class="wp-block-separator has-css-opacity"/>

<p>Bedřich Smetana</p>

<p><strong>Evening Songs</strong></p>

<p>selection from song cycles with lyrics by Vítězslav Hálek</p>

<hr class="wp-block-separator has-css-opacity"/>

<p>Jaroslav Křička</p>

<p><strong>Northern Nights</strong></p>

<p>a cycle of four songs with lyrics by Konstantin Balmont</p>

<hr class="wp-block-separator has-css-opacity"/>

<p>Antonín Dvořák</p>

<p><strong>Biblical Songs, Op. 99</strong></p>

<p>a cycle of songs on the Book of Psalms</p>

<div style="height:100px" aria-hidden="true" class="wp-block-spacer"></div>

<div class="wp-block-columns is-layout-flex wp-container-core-columns-is-layout-4 wp-block-columns-is-layout-flex">
<div class="wp-block-column is-layout-flow wp-block-column-is-layout-flow" style="flex-basis:100%">
<h4 class="wp-block-heading">photogallery</h4>



<div class="wp-block-group is-layout-flow wp-block-group-is-layout-flow">
<div class="wp-block-columns is-layout-flex wp-container-core-columns-is-layout-3 wp-block-columns-is-layout-flex">
<div class="wp-block-column is-layout-flow wp-block-column-is-layout-flow" style="flex-basis:100%">
<div class="wp-block-group is-layout-flow wp-block-group-is-layout-flow">
<div class="wp-block-group is-layout-flow wp-block-group-is-layout-flow">
<div class="wp-block-columns is-layout-flex wp-container-core-columns-is-layout-2 wp-block-columns-is-layout-flex">
<div class="wp-block-column is-layout-flow wp-block-column-is-layout-flow" style="flex-basis:100%">
<div class="wp-block-group is-layout-flow wp-block-group-is-layout-flow">
<figure class="wp-block-gallery has-nested-images columns-4 is-cropped wp-block-gallery-1 is-layout-flex wp-block-gallery-is-layout-flex">
<figure class="wp-block-image size-large"><a href="https://smetanovalitomysl.cz/wp-content/uploads/2023/01/170308_Marecek-Martinik-Winterreise_hires_22_c_PetraHajska-scaled.jpg"><img decoding="async" width="1617" height="1080" src="https://smetanovalitomysl.cz/wp-content/uploads/2023/01/170308_Marecek-Martinik-Winterreise_hires_22_c_PetraHajska-scaled.jpg" alt="" class="wp-image-136348" srcset="https://smetanovalitomysl.cz/wp-content/uploads/2023/01/170308_Marecek-Martinik-Winterreise_hires_22_c_PetraHajska-scaled.jpg 1617w, https://smetanovalitomysl.cz/wp-content/uploads/2023/01/170308_Marecek-Martinik-Winterreise_hires_22_c_PetraHajska-300x200.jpg 300w, https://smetanovalitomysl.cz/wp-content/uploads/2023/01/170308_Marecek-Martinik-Winterreise_hires_22_c_PetraHajska-1024x684.jpg 1024w, https://smetanovalitomysl.cz/wp-content/uploads/2023/01/170308_Marecek-Martinik-Winterreise_hires_22_c_PetraHajska-768x513.jpg 768w, https://smetanovalitomysl.cz/wp-content/uploads/2023/01/170308_Marecek-Martinik-Winterreise_hires_22_c_PetraHajska-1536x1026.jpg 1536w, https://smetanovalitomysl.cz/wp-content/uploads/2023/01/170308_Marecek-Martinik-Winterreise_hires_22_c_PetraHajska-2048x1368.jpg 2048w" sizes="(max-width: 1617px) 100vw, 1617px" /></a></figure>



<figure class="wp-block-image size-large"><a href="https://smetanovalitomysl.cz/wp-content/uploads/2023/01/marecek-martinik-Petra-Hajska-scaled.jpg"><img decoding="async" width="1619" height="1080" src="https://smetanovalitomysl.cz/wp-content/uploads/2023/01/marecek-martinik-Petra-Hajska-scaled.jpg" alt="" class="wp-image-136350" srcset="https://smetanovalitomysl.cz/wp-content/uploads/2023/01/marecek-martinik-Petra-Hajska-scaled.jpg 1619w, https://smetanovalitomysl.cz/wp-content/uploads/2023/01/marecek-martinik-Petra-Hajska-300x200.jpg 300w, https://smetanovalitomysl.cz/wp-content/uploads/2023/01/marecek-martinik-Petra-Hajska-1024x683.jpg 1024w, https://smetanovalitomysl.cz/wp-content/uploads/2023/01/marecek-martinik-Petra-Hajska-768x513.jpg 768w, https://smetanovalitomysl.cz/wp-content/uploads/2023/01/marecek-martinik-Petra-Hajska-1536x1025.jpg 1536w, https://smetanovalitomysl.cz/wp-content/uploads/2023/01/marecek-martinik-Petra-Hajska-2048x1367.jpg 2048w" sizes="(max-width: 1619px) 100vw, 1619px" /></a></figure>



<figure class="wp-block-image size-large"><a href="https://smetanovalitomysl.cz/wp-content/uploads/2021/03/smetanuv-dum.jpg"><img loading="lazy" decoding="async" width="1000" height="666" src="https://smetanovalitomysl.cz/wp-content/uploads/2021/03/smetanuv-dum.jpg" alt="" class="wp-image-2407" srcset="https://smetanovalitomysl.cz/wp-content/uploads/2021/03/smetanuv-dum.jpg 1000w, https://smetanovalitomysl.cz/wp-content/uploads/2021/03/smetanuv-dum-300x200.jpg 300w, https://smetanovalitomysl.cz/wp-content/uploads/2021/03/smetanuv-dum-768x511.jpg 768w" sizes="(max-width: 1000px) 100vw, 1000px" /></a></figure>



<figure class="wp-block-image size-large"><a href="https://smetanovalitomysl.cz/wp-content/uploads/2021/03/smetanuv-dum-zahajovaci-koncert.jpg"><img loading="lazy" decoding="async" width="1000" height="667" src="https://smetanovalitomysl.cz/wp-content/uploads/2021/03/smetanuv-dum-zahajovaci-koncert.jpg" alt="" class="wp-image-2455" srcset="https://smetanovalitomysl.cz/wp-content/uploads/2021/03/smetanuv-dum-zahajovaci-koncert.jpg 1000w, https://smetanovalitomysl.cz/wp-content/uploads/2021/03/smetanuv-dum-zahajovaci-koncert-300x200.jpg 300w, https://smetanovalitomysl.cz/wp-content/uploads/2021/03/smetanuv-dum-zahajovaci-koncert-768x512.jpg 768w" sizes="(max-width: 1000px) 100vw, 1000px" /></a></figure>
</figure>
</div>
</div>
</div>
</div>
</div>
</div>
</div>
</div>



<p></p>
</div>
</div>
