{"id":141539,"date":"2023-10-25T22:17:15","date_gmt":"2023-10-25T20:17:15","guid":{"rendered":"https:\/\/smetanovalitomysl.cz\/udalosti\/the-secret\/"},"modified":"2023-12-13T13:19:23","modified_gmt":"2023-12-13T12:19:23","slug":"the-secret","status":"archived","type":"udalosti","link":"https:\/\/smetanovalitomysl.cz\/en\/udalosti\/the-secret\/","title":{"rendered":"The Secret"},"content":{"rendered":"\n<p class=\"has-text-align-left\">The new production (premiered on 24 May 2024) of Smetana&#8217;s penultimate opera to a libretto by Eli\u0161ka Kr\u00e1snohorsk\u00e1 was directed by <strong>Ond\u0159ej Havelka<\/strong>, a director with an excellent sense of musical theatre, stage humour and visually compelling storytelling. <\/p>\n\n<p class=\"has-text-align-left\">The Secret, one of his most beautiful operas, was written in 1877 by a completely deaf composer. The premiere took place at the New Czech Theatre on 18th September 1878 under the baton of Adolf \u010cech. <\/p>\n\n<p>Presented in Czech with Czech and English surtitles.<\/p>\n\n<div style=\"height:1px\" aria-hidden=\"true\" class=\"wp-block-spacer\"><\/div>\n\n<div style=\"height:52px\" aria-hidden=\"true\" class=\"wp-block-spacer\"><\/div>\n\n<div class=\"wp-block-columns is-layout-flex wp-container-core-columns-is-layout-1 wp-block-columns-is-layout-flex\">\n<div class=\"wp-block-column is-layout-flow wp-block-column-is-layout-flow\" style=\"flex-basis:100%\">\n<div class=\"wp-block-media-text alignwide is-stacked-on-mobile\" style=\"grid-template-columns:21% auto\"><figure class=\"wp-block-media-text__media\"><img decoding=\"async\" width=\"138\" height=\"139\" src=\"https:\/\/smetanovalitomysl.cz\/wp-content\/uploads\/2021\/05\/Group-221-1.png\" alt=\"\" class=\"wp-image-11976 size-full\"\/><\/figure><div class=\"wp-block-media-text__content\">\n<p><em>&#8220;May we all have enough of it, God&#8217;s gift and satisfaction!&#8221;<\/em><\/p>\n\n\n\n<p class=\"has-text-align-right\"><\/p>\n<\/div><\/div>\n<\/div>\n<\/div>\n\n<div style=\"height:43px\" aria-hidden=\"true\" class=\"wp-block-spacer\"><\/div>\n\n<div class=\"wp-block-columns is-layout-flex wp-container-core-columns-is-layout-4 wp-block-columns-is-layout-flex\">\n<div class=\"wp-block-column is-layout-flow wp-block-column-is-layout-flow\" style=\"flex-basis:100%\">\n<h4 class=\"wp-block-heading\">photogallery<\/h4>\n\n\n\n<div class=\"wp-block-group is-layout-flow wp-block-group-is-layout-flow\">\n<div class=\"wp-block-columns is-layout-flex wp-container-core-columns-is-layout-3 wp-block-columns-is-layout-flex\">\n<div class=\"wp-block-column is-layout-flow wp-block-column-is-layout-flow\" style=\"flex-basis:100%\">\n<div class=\"wp-block-group is-layout-flow wp-block-group-is-layout-flow\">\n<div class=\"wp-block-group is-layout-flow wp-block-group-is-layout-flow\">\n<div class=\"wp-block-columns is-layout-flex wp-container-core-columns-is-layout-2 wp-block-columns-is-layout-flex\">\n<div class=\"wp-block-column is-layout-flow wp-block-column-is-layout-flow\" style=\"flex-basis:100%\">\n<div class=\"wp-block-group is-layout-flow wp-block-group-is-layout-flow\">\n<figure class=\"wp-block-gallery has-nested-images columns-4 is-cropped wp-block-gallery-1 is-layout-flex wp-block-gallery-is-layout-flex\">\n<figure class=\"wp-block-image size-large\"><a href=\"https:\/\/smetanovalitomysl.cz\/wp-content\/uploads\/2022\/01\/Adam_Plachetka-official13216_foto_David_Turecky-scaled.jpg\"><img fetchpriority=\"high\" decoding=\"async\" width=\"683\" height=\"1024\" src=\"https:\/\/smetanovalitomysl.cz\/wp-content\/uploads\/2022\/01\/Adam_Plachetka-official13216_foto_David_Turecky-683x1024.jpg\" alt=\"\" class=\"wp-image-126961\" srcset=\"https:\/\/smetanovalitomysl.cz\/wp-content\/uploads\/2022\/01\/Adam_Plachetka-official13216_foto_David_Turecky-683x1024.jpg 683w, https:\/\/smetanovalitomysl.cz\/wp-content\/uploads\/2022\/01\/Adam_Plachetka-official13216_foto_David_Turecky-200x300.jpg 200w, https:\/\/smetanovalitomysl.cz\/wp-content\/uploads\/2022\/01\/Adam_Plachetka-official13216_foto_David_Turecky-768x1152.jpg 768w, https:\/\/smetanovalitomysl.cz\/wp-content\/uploads\/2022\/01\/Adam_Plachetka-official13216_foto_David_Turecky-1024x1536.jpg 1024w, https:\/\/smetanovalitomysl.cz\/wp-content\/uploads\/2022\/01\/Adam_Plachetka-official13216_foto_David_Turecky-1365x2048.jpg 1365w, https:\/\/smetanovalitomysl.cz\/wp-content\/uploads\/2022\/01\/Adam_Plachetka-official13216_foto_David_Turecky-scaled.jpg 720w\" sizes=\"(max-width: 683px) 100vw, 683px\" \/><\/a><\/figure>\n\n\n\n<figure class=\"wp-block-image size-full\"><a href=\"https:\/\/smetanovalitomysl.cz\/wp-content\/uploads\/2023\/10\/Zdenek_Plech_2019-1-e1698758493461-1.jpg\"><img decoding=\"async\" width=\"721\" height=\"692\" src=\"https:\/\/smetanovalitomysl.cz\/wp-content\/uploads\/2023\/10\/Zdenek_Plech_2019-1-e1698758493461-1.jpg\" alt=\"\" class=\"wp-image-141467\" srcset=\"https:\/\/smetanovalitomysl.cz\/wp-content\/uploads\/2023\/10\/Zdenek_Plech_2019-1-e1698758493461-1.jpg 721w, https:\/\/smetanovalitomysl.cz\/wp-content\/uploads\/2023\/10\/Zdenek_Plech_2019-1-e1698758493461-1-300x288.jpg 300w\" sizes=\"(max-width: 721px) 100vw, 721px\" \/><\/a><\/figure>\n\n\n\n<figure class=\"wp-block-image size-large\"><a href=\"https:\/\/smetanovalitomysl.cz\/wp-content\/uploads\/2023\/10\/Kopie-souboru-Sibera-Jana&#xA9;Jan-Hrdy_01.jpg\"><img decoding=\"async\" src=\"https:\/\/smetanovalitomysl.cz\/wp-content\/uploads\/2023\/10\/Kopie-souboru-Sibera-Jana&#xA9;Jan-Hrdy_01-683x1024.jpg\" alt=\"\" class=\"wp-image-141008\"\/><\/a><\/figure>\n\n\n\n<figure class=\"wp-block-image size-large\"><a href=\"https:\/\/smetanovalitomysl.cz\/wp-content\/uploads\/2021\/03\/BRISCEIN_Ales_tenor_p01r-1024x683.jpg\"><img loading=\"lazy\" decoding=\"async\" width=\"1024\" height=\"683\" src=\"https:\/\/smetanovalitomysl.cz\/wp-content\/uploads\/2021\/03\/BRISCEIN_Ales_tenor_p01r-1024x683.jpg\" alt=\"\" class=\"wp-image-141002\" srcset=\"https:\/\/smetanovalitomysl.cz\/wp-content\/uploads\/2021\/03\/BRISCEIN_Ales_tenor_p01r-1024x683.jpg 1024w, https:\/\/smetanovalitomysl.cz\/wp-content\/uploads\/2021\/03\/BRISCEIN_Ales_tenor_p01r-300x200.jpg 300w, https:\/\/smetanovalitomysl.cz\/wp-content\/uploads\/2021\/03\/BRISCEIN_Ales_tenor_p01r-768x512.jpg 768w, https:\/\/smetanovalitomysl.cz\/wp-content\/uploads\/2021\/03\/BRISCEIN_Ales_tenor_p01r-1536x1025.jpg 1536w, https:\/\/smetanovalitomysl.cz\/wp-content\/uploads\/2021\/03\/BRISCEIN_Ales_tenor_p01r-2048x1366.jpg 2048w, https:\/\/smetanovalitomysl.cz\/wp-content\/uploads\/2021\/03\/BRISCEIN_Ales_tenor_p01r.jpg 1619w\" sizes=\"(max-width: 1024px) 100vw, 1024px\" \/><\/a><\/figure>\n<\/figure>\n<\/div>\n<\/div>\n<\/div>\n<\/div>\n<\/div>\n<\/div>\n<\/div>\n<\/div>\n\n\n\n<p><\/p>\n<\/div>\n<\/div>\n","protected":false},"featured_media":143088,"template":"","zarn":[],"ambasadori":[2874],"class_list":["post-141539","udalosti","type-udalosti","status-archived","has-post-thumbnail","hentry","misto_konani-festival-hall","zanr-operni-rada-en","ucinkujici-briscein-ales-en","ucinkujici-chalupecky-jan-en","ucinkujici-plachetka-adam-en","ucinkujici-plech-zdenek-en","ucinkujici-sibera-jana-en","balicek-festival-bus-line","balicek-festival-catalogue","balicek-festival-pass-en","balicek-intermission-table","balicek-programme-2","balicek-shuttle-service"],"acf":[],"_links":{"self":[{"href":"https:\/\/smetanovalitomysl.cz\/en\/wp-json\/wp\/v2\/udalosti\/141539","targetHints":{"allow":["GET"]}}],"collection":[{"href":"https:\/\/smetanovalitomysl.cz\/en\/wp-json\/wp\/v2\/udalosti"}],"about":[{"href":"https:\/\/smetanovalitomysl.cz\/en\/wp-json\/wp\/v2\/types\/udalosti"}],"wp:featuredmedia":[{"embeddable":true,"href":"https:\/\/smetanovalitomysl.cz\/en\/wp-json\/wp\/v2\/media\/143088"}],"wp:attachment":[{"href":"https:\/\/smetanovalitomysl.cz\/en\/wp-json\/wp\/v2\/media?parent=141539"}],"wp:term":[{"taxonomy":"zarn","embeddable":true,"href":"https:\/\/smetanovalitomysl.cz\/en\/wp-json\/wp\/v2\/zarn?post=141539"},{"taxonomy":"ambasadori","embeddable":true,"href":"https:\/\/smetanovalitomysl.cz\/en\/wp-json\/wp\/v2\/ambasadori?post=141539"}],"curies":[{"name":"wp","href":"https:\/\/api.w.org\/{rel}","templated":true}]}}

<p class="has-text-align-left">The new production (premiered on 24 May 2024) of Smetana&#8217;s penultimate opera to a libretto by Eliška Krásnohorská was directed by <strong>Ondřej Havelka</strong>, a director with an excellent sense of musical theatre, stage humour and visually compelling storytelling. </p>

<p class="has-text-align-left">The Secret, one of his most beautiful operas, was written in 1877 by a completely deaf composer. The premiere took place at the New Czech Theatre on 18th September 1878 under the baton of Adolf Čech. </p>

<p>Presented in Czech with Czech and English surtitles.</p>

<div style="height:1px" aria-hidden="true" class="wp-block-spacer"></div>

<div style="height:52px" aria-hidden="true" class="wp-block-spacer"></div>

<div class="wp-block-columns is-layout-flex wp-container-core-columns-is-layout-1 wp-block-columns-is-layout-flex">
<div class="wp-block-column is-layout-flow wp-block-column-is-layout-flow" style="flex-basis:100%">
<div class="wp-block-media-text alignwide is-stacked-on-mobile" style="grid-template-columns:21% auto"><figure class="wp-block-media-text__media"><img decoding="async" width="138" height="139" src="https://smetanovalitomysl.cz/wp-content/uploads/2021/05/Group-221-1.png" alt="" class="wp-image-11976 size-full"/></figure><div class="wp-block-media-text__content">
<p><em>&#8220;May we all have enough of it, God&#8217;s gift and satisfaction!&#8221;</em></p>



<p class="has-text-align-right"></p>
</div></div>
</div>
</div>

<div style="height:43px" aria-hidden="true" class="wp-block-spacer"></div>

<div class="wp-block-columns is-layout-flex wp-container-core-columns-is-layout-4 wp-block-columns-is-layout-flex">
<div class="wp-block-column is-layout-flow wp-block-column-is-layout-flow" style="flex-basis:100%">
<h4 class="wp-block-heading">photogallery</h4>



<div class="wp-block-group is-layout-flow wp-block-group-is-layout-flow">
<div class="wp-block-columns is-layout-flex wp-container-core-columns-is-layout-3 wp-block-columns-is-layout-flex">
<div class="wp-block-column is-layout-flow wp-block-column-is-layout-flow" style="flex-basis:100%">
<div class="wp-block-group is-layout-flow wp-block-group-is-layout-flow">
<div class="wp-block-group is-layout-flow wp-block-group-is-layout-flow">
<div class="wp-block-columns is-layout-flex wp-container-core-columns-is-layout-2 wp-block-columns-is-layout-flex">
<div class="wp-block-column is-layout-flow wp-block-column-is-layout-flow" style="flex-basis:100%">
<div class="wp-block-group is-layout-flow wp-block-group-is-layout-flow">
<figure class="wp-block-gallery has-nested-images columns-4 is-cropped wp-block-gallery-1 is-layout-flex wp-block-gallery-is-layout-flex">
<figure class="wp-block-image size-large"><a href="https://smetanovalitomysl.cz/wp-content/uploads/2022/01/Adam_Plachetka-official13216_foto_David_Turecky-scaled.jpg"><img fetchpriority="high" decoding="async" width="683" height="1024" src="https://smetanovalitomysl.cz/wp-content/uploads/2022/01/Adam_Plachetka-official13216_foto_David_Turecky-683x1024.jpg" alt="" class="wp-image-126961" srcset="https://smetanovalitomysl.cz/wp-content/uploads/2022/01/Adam_Plachetka-official13216_foto_David_Turecky-683x1024.jpg 683w, https://smetanovalitomysl.cz/wp-content/uploads/2022/01/Adam_Plachetka-official13216_foto_David_Turecky-200x300.jpg 200w, https://smetanovalitomysl.cz/wp-content/uploads/2022/01/Adam_Plachetka-official13216_foto_David_Turecky-768x1152.jpg 768w, https://smetanovalitomysl.cz/wp-content/uploads/2022/01/Adam_Plachetka-official13216_foto_David_Turecky-1024x1536.jpg 1024w, https://smetanovalitomysl.cz/wp-content/uploads/2022/01/Adam_Plachetka-official13216_foto_David_Turecky-1365x2048.jpg 1365w, https://smetanovalitomysl.cz/wp-content/uploads/2022/01/Adam_Plachetka-official13216_foto_David_Turecky-scaled.jpg 720w" sizes="(max-width: 683px) 100vw, 683px" /></a></figure>



<figure class="wp-block-image size-full"><a href="https://smetanovalitomysl.cz/wp-content/uploads/2023/10/Zdenek_Plech_2019-1-e1698758493461-1.jpg"><img decoding="async" width="721" height="692" src="https://smetanovalitomysl.cz/wp-content/uploads/2023/10/Zdenek_Plech_2019-1-e1698758493461-1.jpg" alt="" class="wp-image-141467" srcset="https://smetanovalitomysl.cz/wp-content/uploads/2023/10/Zdenek_Plech_2019-1-e1698758493461-1.jpg 721w, https://smetanovalitomysl.cz/wp-content/uploads/2023/10/Zdenek_Plech_2019-1-e1698758493461-1-300x288.jpg 300w" sizes="(max-width: 721px) 100vw, 721px" /></a></figure>



<figure class="wp-block-image size-large"><a href="https://smetanovalitomysl.cz/wp-content/uploads/2023/10/Kopie-souboru-Sibera-Jana&#xA9;Jan-Hrdy_01.jpg"><img decoding="async" src="https://smetanovalitomysl.cz/wp-content/uploads/2023/10/Kopie-souboru-Sibera-Jana&#xA9;Jan-Hrdy_01-683x1024.jpg" alt="" class="wp-image-141008"/></a></figure>



<figure class="wp-block-image size-large"><a href="https://smetanovalitomysl.cz/wp-content/uploads/2021/03/BRISCEIN_Ales_tenor_p01r-1024x683.jpg"><img loading="lazy" decoding="async" width="1024" height="683" src="https://smetanovalitomysl.cz/wp-content/uploads/2021/03/BRISCEIN_Ales_tenor_p01r-1024x683.jpg" alt="" class="wp-image-141002" srcset="https://smetanovalitomysl.cz/wp-content/uploads/2021/03/BRISCEIN_Ales_tenor_p01r-1024x683.jpg 1024w, https://smetanovalitomysl.cz/wp-content/uploads/2021/03/BRISCEIN_Ales_tenor_p01r-300x200.jpg 300w, https://smetanovalitomysl.cz/wp-content/uploads/2021/03/BRISCEIN_Ales_tenor_p01r-768x512.jpg 768w, https://smetanovalitomysl.cz/wp-content/uploads/2021/03/BRISCEIN_Ales_tenor_p01r-1536x1025.jpg 1536w, https://smetanovalitomysl.cz/wp-content/uploads/2021/03/BRISCEIN_Ales_tenor_p01r-2048x1366.jpg 2048w, https://smetanovalitomysl.cz/wp-content/uploads/2021/03/BRISCEIN_Ales_tenor_p01r.jpg 1619w" sizes="(max-width: 1024px) 100vw, 1024px" /></a></figure>
</figure>
</div>
</div>
</div>
</div>
</div>
</div>
</div>
</div>



<p></p>
</div>
</div>
