{"id":143973,"date":"2024-02-29T15:54:47","date_gmt":"2024-02-29T14:54:47","guid":{"rendered":"https:\/\/smetanovalitomysl.cz\/?post_type=udalosti&#038;p=143973"},"modified":"2024-07-05T15:31:23","modified_gmt":"2024-07-05T13:31:23","slug":"wihan-quartet","status":"archived","type":"udalosti","link":"https:\/\/smetanovalitomysl.cz\/en\/udalosti\/wihan-quartet\/","title":{"rendered":"Wihan Quartet"},"content":{"rendered":"\n<div class=\"wp-block-columns is-layout-flex wp-container-core-columns-is-layout-1 wp-block-columns-is-layout-flex\">\n<div class=\"wp-block-column is-layout-flow wp-block-column-is-layout-flow\" style=\"flex-basis:100%\">\n<div class=\"wp-block-media-text alignwide is-stacked-on-mobile\" style=\"grid-template-columns:21% auto\"><figure class=\"wp-block-media-text__media\"><img decoding=\"async\" width=\"138\" height=\"139\" src=\"https:\/\/smetanovalitomysl.cz\/wp-content\/uploads\/2021\/05\/Group-221-1.png\" alt=\"\" class=\"wp-image-11976 size-full\"\/><\/figure><div class=\"wp-block-media-text__content\">\n<p><em><em>&#8220;I tuned my viola as deep as I could <\/em><\/em><br\/><em><em>and a silent accompaniment to her late in the evening I sing. <\/em><\/em><br\/><em><em>A player with a penchant for brooding, crazed moods, <\/em><\/em><br\/><em><em>I want to have the strange charm of old, ironic ballads&#8230;&#8221;<\/em><\/em><\/p>\n\n\n\n<p class=\"has-text-align-right\"><strong>Karel Hlav\u00e1\u010dek<\/strong><\/p>\n<\/div><\/div>\n<\/div>\n<\/div>\n\n<div style=\"height:20px\" aria-hidden=\"true\" class=\"wp-block-spacer\"><\/div>\n\n<p class=\"has-large-font-size\">The programme of this attractive concert features a classic work by Haydn, which inspired the theme of Smetana\u2019s Triumphal Symphony, one of the key works by Anton\u00edn Dvo\u0159\u00e1k and the entire world chamber music literature, and finally the premiere of a melodrama commissioned by the festival for the 150th anniversary of Karel Hlav\u00e1\u010dek\u2019s birth. <\/p>\n\n<p><strong>Joseph Haydn:<\/strong><br\/>String Quartet no. 62 in C major, Op. 76, no. 3 &#8220;Imperial&#8221; <\/p>\n\n<p><strong>Jan Jir\u00e1sek:<\/strong><br\/>And my bells do not pray&#8230;<br\/>Variations on a Theme by Hlav\u00e1\u010dek &#8211; melodrama for reciter, oboe and string quartet to a libretto by Vojt\u011bch St\u0159\u00edtesk\u00fd and words of poems and prose by Karel Hlav\u00e1\u010dek <\/p>\n\n<p><strong>Anton\u00edn Dvo\u0159\u00e1k:<\/strong><br\/>String Quintet no. 3 in E flat major Op. 97  <\/p>\n\n<div style=\"height:20px\" aria-hidden=\"true\" class=\"wp-block-spacer\"><\/div>\n\n<div class=\"wp-block-columns is-layout-flex wp-container-core-columns-is-layout-3 wp-block-columns-is-layout-flex\">\n<div class=\"wp-block-column is-layout-flow wp-block-column-is-layout-flow\" style=\"flex-basis:100%\">\n<h4 class=\"wp-block-heading\">photogallery<\/h4>\n\n\n\n<div class=\"wp-block-group is-layout-flow wp-block-group-is-layout-flow\">\n<div class=\"wp-block-columns is-layout-flex wp-container-core-columns-is-layout-2 wp-block-columns-is-layout-flex\">\n<div class=\"wp-block-column is-layout-flow wp-block-column-is-layout-flow\" style=\"flex-basis:100%\">\n<div class=\"wp-block-group is-layout-flow wp-block-group-is-layout-flow\"><\/div>\n<\/div>\n<\/div>\n<\/div>\n\n\n\n<figure class=\"wp-block-gallery has-nested-images columns-4 is-cropped wp-block-gallery-1 is-layout-flex wp-block-gallery-is-layout-flex\">\n<figure class=\"wp-block-image size-large\"><a href=\"https:\/\/smetanovalitomysl.cz\/wp-content\/uploads\/2024\/02\/Kopie-souboru-_R5_2126-edited.jpg\"><img fetchpriority=\"high\" decoding=\"async\" width=\"1081\" height=\"1080\" src=\"https:\/\/smetanovalitomysl.cz\/wp-content\/uploads\/2024\/02\/Kopie-souboru-_R5_2126-edited.jpg\" alt=\"\" class=\"wp-image-143521\" srcset=\"https:\/\/smetanovalitomysl.cz\/wp-content\/uploads\/2024\/02\/Kopie-souboru-_R5_2126-edited.jpg 1081w, https:\/\/smetanovalitomysl.cz\/wp-content\/uploads\/2024\/02\/Kopie-souboru-_R5_2126-edited-300x300.jpg 300w, https:\/\/smetanovalitomysl.cz\/wp-content\/uploads\/2024\/02\/Kopie-souboru-_R5_2126-edited-1024x1024.jpg 1024w, https:\/\/smetanovalitomysl.cz\/wp-content\/uploads\/2024\/02\/Kopie-souboru-_R5_2126-edited-150x150.jpg 150w, https:\/\/smetanovalitomysl.cz\/wp-content\/uploads\/2024\/02\/Kopie-souboru-_R5_2126-edited-768x767.jpg 768w\" sizes=\"(max-width: 1081px) 100vw, 1081px\" \/><\/a><\/figure>\n\n\n\n<figure class=\"wp-block-image size-large\"><a href=\"https:\/\/smetanovalitomysl.cz\/wp-content\/uploads\/2024\/02\/Mracek-by-A.Dobrovodsky_5-1024x768.jpg\"><img decoding=\"async\" width=\"1024\" height=\"768\" src=\"https:\/\/smetanovalitomysl.cz\/wp-content\/uploads\/2024\/02\/Mracek-by-A.Dobrovodsky_5-1024x768.jpg\" alt=\"\" class=\"wp-image-143515\" srcset=\"https:\/\/smetanovalitomysl.cz\/wp-content\/uploads\/2024\/02\/Mracek-by-A.Dobrovodsky_5-1024x768.jpg 1024w, https:\/\/smetanovalitomysl.cz\/wp-content\/uploads\/2024\/02\/Mracek-by-A.Dobrovodsky_5-300x225.jpg 300w, https:\/\/smetanovalitomysl.cz\/wp-content\/uploads\/2024\/02\/Mracek-by-A.Dobrovodsky_5-768x576.jpg 768w, https:\/\/smetanovalitomysl.cz\/wp-content\/uploads\/2024\/02\/Mracek-by-A.Dobrovodsky_5-1536x1152.jpg 1536w, https:\/\/smetanovalitomysl.cz\/wp-content\/uploads\/2024\/02\/Mracek-by-A.Dobrovodsky_5-2048x1536.jpg 2048w, https:\/\/smetanovalitomysl.cz\/wp-content\/uploads\/2024\/02\/Mracek-by-A.Dobrovodsky_5.jpg 1920w\" sizes=\"(max-width: 1024px) 100vw, 1024px\" \/><\/a><\/figure>\n\n\n\n<figure class=\"wp-block-image size-large\"><a href=\"https:\/\/smetanovalitomysl.cz\/wp-content\/uploads\/2024\/02\/Wihan_Quartet_01_c_PetraHajska-1024x720.jpg\"><img loading=\"lazy\" decoding=\"async\" width=\"1024\" height=\"720\" src=\"https:\/\/smetanovalitomysl.cz\/wp-content\/uploads\/2024\/02\/Wihan_Quartet_01_c_PetraHajska-1024x720.jpg\" alt=\"\" class=\"wp-image-143513\" srcset=\"https:\/\/smetanovalitomysl.cz\/wp-content\/uploads\/2024\/02\/Wihan_Quartet_01_c_PetraHajska-1024x720.jpg 1024w, https:\/\/smetanovalitomysl.cz\/wp-content\/uploads\/2024\/02\/Wihan_Quartet_01_c_PetraHajska-300x211.jpg 300w, https:\/\/smetanovalitomysl.cz\/wp-content\/uploads\/2024\/02\/Wihan_Quartet_01_c_PetraHajska-768x540.jpg 768w, https:\/\/smetanovalitomysl.cz\/wp-content\/uploads\/2024\/02\/Wihan_Quartet_01_c_PetraHajska.jpg 1536w, https:\/\/smetanovalitomysl.cz\/wp-content\/uploads\/2024\/02\/Wihan_Quartet_01_c_PetraHajska-2048x1440.jpg 2048w\" sizes=\"(max-width: 1024px) 100vw, 1024px\" \/><\/a><\/figure>\n\n\n\n<figure class=\"wp-block-image size-full\"><a href=\"https:\/\/smetanovalitomysl.cz\/wp-content\/uploads\/2024\/02\/vilem-veverka-12-edited.jpg\"><img loading=\"lazy\" decoding=\"async\" width=\"737\" height=\"737\" src=\"https:\/\/smetanovalitomysl.cz\/wp-content\/uploads\/2024\/02\/vilem-veverka-12-edited.jpg\" alt=\"\" class=\"wp-image-143947\" srcset=\"https:\/\/smetanovalitomysl.cz\/wp-content\/uploads\/2024\/02\/vilem-veverka-12-edited.jpg 737w, https:\/\/smetanovalitomysl.cz\/wp-content\/uploads\/2024\/02\/vilem-veverka-12-edited-300x300.jpg 300w, https:\/\/smetanovalitomysl.cz\/wp-content\/uploads\/2024\/02\/vilem-veverka-12-edited-150x150.jpg 150w\" sizes=\"(max-width: 737px) 100vw, 737px\" \/><\/a><\/figure>\n<\/figure>\n<\/div>\n<\/div>\n","protected":false},"featured_media":143092,"template":"","zarn":[],"ambasadori":[2874],"class_list":["post-143973","udalosti","type-udalosti","status-archived","has-post-thumbnail","hentry","misto_konani-castle-riding-hall","zanr-chamber-series","ucinkujici-mracek-jan-en","ucinkujici-happy-jan","ucinkujici-veverka-vilem-en","ucinkujici-wihanovo-kvarteto-en","balicek-festival-catalogue","balicek-festival-pass-en","balicek-programme","balicek-shuttle-service"],"acf":[],"_links":{"self":[{"href":"https:\/\/smetanovalitomysl.cz\/en\/wp-json\/wp\/v2\/udalosti\/143973","targetHints":{"allow":["GET"]}}],"collection":[{"href":"https:\/\/smetanovalitomysl.cz\/en\/wp-json\/wp\/v2\/udalosti"}],"about":[{"href":"https:\/\/smetanovalitomysl.cz\/en\/wp-json\/wp\/v2\/types\/udalosti"}],"wp:featuredmedia":[{"embeddable":true,"href":"https:\/\/smetanovalitomysl.cz\/en\/wp-json\/wp\/v2\/media\/143092"}],"wp:attachment":[{"href":"https:\/\/smetanovalitomysl.cz\/en\/wp-json\/wp\/v2\/media?parent=143973"}],"wp:term":[{"taxonomy":"zarn","embeddable":true,"href":"https:\/\/smetanovalitomysl.cz\/en\/wp-json\/wp\/v2\/zarn?post=143973"},{"taxonomy":"ambasadori","embeddable":true,"href":"https:\/\/smetanovalitomysl.cz\/en\/wp-json\/wp\/v2\/ambasadori?post=143973"}],"curies":[{"name":"wp","href":"https:\/\/api.w.org\/{rel}","templated":true}]}}

<div class="wp-block-columns is-layout-flex wp-container-core-columns-is-layout-1 wp-block-columns-is-layout-flex">
<div class="wp-block-column is-layout-flow wp-block-column-is-layout-flow" style="flex-basis:100%">
<div class="wp-block-media-text alignwide is-stacked-on-mobile" style="grid-template-columns:21% auto"><figure class="wp-block-media-text__media"><img decoding="async" width="138" height="139" src="https://smetanovalitomysl.cz/wp-content/uploads/2021/05/Group-221-1.png" alt="" class="wp-image-11976 size-full"/></figure><div class="wp-block-media-text__content">
<p><em><em>&#8220;I tuned my viola as deep as I could </em></em><br/><em><em>and a silent accompaniment to her late in the evening I sing. </em></em><br/><em><em>A player with a penchant for brooding, crazed moods, </em></em><br/><em><em>I want to have the strange charm of old, ironic ballads&#8230;&#8221;</em></em></p>



<p class="has-text-align-right"><strong>Karel Hlaváček</strong></p>
</div></div>
</div>
</div>

<div style="height:20px" aria-hidden="true" class="wp-block-spacer"></div>

<p class="has-large-font-size">The programme of this attractive concert features a classic work by Haydn, which inspired the theme of Smetana’s Triumphal Symphony, one of the key works by Antonín Dvořák and the entire world chamber music literature, and finally the premiere of a melodrama commissioned by the festival for the 150th anniversary of Karel Hlaváček’s birth. </p>

<p><strong>Joseph Haydn:</strong><br/>String Quartet no. 62 in C major, Op. 76, no. 3 &#8220;Imperial&#8221; </p>

<p><strong>Jan Jirásek:</strong><br/>And my bells do not pray&#8230;<br/>Variations on a Theme by Hlaváček &#8211; melodrama for reciter, oboe and string quartet to a libretto by Vojtěch Stříteský and words of poems and prose by Karel Hlaváček </p>

<p><strong>Antonín Dvořák:</strong><br/>String Quintet no. 3 in E flat major Op. 97  </p>

<div style="height:20px" aria-hidden="true" class="wp-block-spacer"></div>

<div class="wp-block-columns is-layout-flex wp-container-core-columns-is-layout-3 wp-block-columns-is-layout-flex">
<div class="wp-block-column is-layout-flow wp-block-column-is-layout-flow" style="flex-basis:100%">
<h4 class="wp-block-heading">photogallery</h4>



<div class="wp-block-group is-layout-flow wp-block-group-is-layout-flow">
<div class="wp-block-columns is-layout-flex wp-container-core-columns-is-layout-2 wp-block-columns-is-layout-flex">
<div class="wp-block-column is-layout-flow wp-block-column-is-layout-flow" style="flex-basis:100%">
<div class="wp-block-group is-layout-flow wp-block-group-is-layout-flow"></div>
</div>
</div>
</div>



<figure class="wp-block-gallery has-nested-images columns-4 is-cropped wp-block-gallery-1 is-layout-flex wp-block-gallery-is-layout-flex">
<figure class="wp-block-image size-large"><a href="https://smetanovalitomysl.cz/wp-content/uploads/2024/02/Kopie-souboru-_R5_2126-edited.jpg"><img fetchpriority="high" decoding="async" width="1081" height="1080" src="https://smetanovalitomysl.cz/wp-content/uploads/2024/02/Kopie-souboru-_R5_2126-edited.jpg" alt="" class="wp-image-143521" srcset="https://smetanovalitomysl.cz/wp-content/uploads/2024/02/Kopie-souboru-_R5_2126-edited.jpg 1081w, https://smetanovalitomysl.cz/wp-content/uploads/2024/02/Kopie-souboru-_R5_2126-edited-300x300.jpg 300w, https://smetanovalitomysl.cz/wp-content/uploads/2024/02/Kopie-souboru-_R5_2126-edited-1024x1024.jpg 1024w, https://smetanovalitomysl.cz/wp-content/uploads/2024/02/Kopie-souboru-_R5_2126-edited-150x150.jpg 150w, https://smetanovalitomysl.cz/wp-content/uploads/2024/02/Kopie-souboru-_R5_2126-edited-768x767.jpg 768w" sizes="(max-width: 1081px) 100vw, 1081px" /></a></figure>



<figure class="wp-block-image size-large"><a href="https://smetanovalitomysl.cz/wp-content/uploads/2024/02/Mracek-by-A.Dobrovodsky_5-1024x768.jpg"><img decoding="async" width="1024" height="768" src="https://smetanovalitomysl.cz/wp-content/uploads/2024/02/Mracek-by-A.Dobrovodsky_5-1024x768.jpg" alt="" class="wp-image-143515" srcset="https://smetanovalitomysl.cz/wp-content/uploads/2024/02/Mracek-by-A.Dobrovodsky_5-1024x768.jpg 1024w, https://smetanovalitomysl.cz/wp-content/uploads/2024/02/Mracek-by-A.Dobrovodsky_5-300x225.jpg 300w, https://smetanovalitomysl.cz/wp-content/uploads/2024/02/Mracek-by-A.Dobrovodsky_5-768x576.jpg 768w, https://smetanovalitomysl.cz/wp-content/uploads/2024/02/Mracek-by-A.Dobrovodsky_5-1536x1152.jpg 1536w, https://smetanovalitomysl.cz/wp-content/uploads/2024/02/Mracek-by-A.Dobrovodsky_5-2048x1536.jpg 2048w, https://smetanovalitomysl.cz/wp-content/uploads/2024/02/Mracek-by-A.Dobrovodsky_5.jpg 1920w" sizes="(max-width: 1024px) 100vw, 1024px" /></a></figure>



<figure class="wp-block-image size-large"><a href="https://smetanovalitomysl.cz/wp-content/uploads/2024/02/Wihan_Quartet_01_c_PetraHajska-1024x720.jpg"><img loading="lazy" decoding="async" width="1024" height="720" src="https://smetanovalitomysl.cz/wp-content/uploads/2024/02/Wihan_Quartet_01_c_PetraHajska-1024x720.jpg" alt="" class="wp-image-143513" srcset="https://smetanovalitomysl.cz/wp-content/uploads/2024/02/Wihan_Quartet_01_c_PetraHajska-1024x720.jpg 1024w, https://smetanovalitomysl.cz/wp-content/uploads/2024/02/Wihan_Quartet_01_c_PetraHajska-300x211.jpg 300w, https://smetanovalitomysl.cz/wp-content/uploads/2024/02/Wihan_Quartet_01_c_PetraHajska-768x540.jpg 768w, https://smetanovalitomysl.cz/wp-content/uploads/2024/02/Wihan_Quartet_01_c_PetraHajska.jpg 1536w, https://smetanovalitomysl.cz/wp-content/uploads/2024/02/Wihan_Quartet_01_c_PetraHajska-2048x1440.jpg 2048w" sizes="(max-width: 1024px) 100vw, 1024px" /></a></figure>



<figure class="wp-block-image size-full"><a href="https://smetanovalitomysl.cz/wp-content/uploads/2024/02/vilem-veverka-12-edited.jpg"><img loading="lazy" decoding="async" width="737" height="737" src="https://smetanovalitomysl.cz/wp-content/uploads/2024/02/vilem-veverka-12-edited.jpg" alt="" class="wp-image-143947" srcset="https://smetanovalitomysl.cz/wp-content/uploads/2024/02/vilem-veverka-12-edited.jpg 737w, https://smetanovalitomysl.cz/wp-content/uploads/2024/02/vilem-veverka-12-edited-300x300.jpg 300w, https://smetanovalitomysl.cz/wp-content/uploads/2024/02/vilem-veverka-12-edited-150x150.jpg 150w" sizes="(max-width: 737px) 100vw, 737px" /></a></figure>
</figure>
</div>
</div>
