{"id":153110,"date":"2025-02-10T13:48:19","date_gmt":"2025-02-10T12:48:19","guid":{"rendered":"https:\/\/smetanovalitomysl.cz\/udalosti\/st-wenceslas-nocturne\/"},"modified":"2025-11-05T10:04:26","modified_gmt":"2025-11-05T09:04:26","slug":"st-wenceslas-nocturne","status":"publish","type":"udalosti","link":"https:\/\/smetanovalitomysl.cz\/en\/udalosti\/st-wenceslas-nocturne\/","title":{"rendered":"St. Wenceslas Nocturne"},"content":{"rendered":"\n<p>A screening of the first Czechoslovakian epic film &#8220;Saint Wenceslas&#8221; \u2013 a silent film by Jan Stanislav Kol\u00e1r from 1929 \u2013 accompanied by Vojt\u011bch Semer\u00e1d&#8217;s vocal ensemble Cappella Mariana. This unconventional St. <em>Wenceslas nocturne <\/em>will be an artistic tribute to the main patron saint of the Czech nation. <\/p>\n\n<h4 class=\"wp-block-heading\">programme<\/h4>\n\n<p><em>Lord, have mercy on us<\/em><br\/>Hymn <em>Saint Wenceslas<\/em><\/p>\n\n<p><strong>Guillaume de Machaut:<\/strong><br\/><em>He!Mors<\/em><\/p>\n\n<p>Antiphon<em> Laudes canens Davidicas<\/em><br\/>Organum <em>Mors<\/em><br\/>Hymn <em>Lux vera lucis radium<\/em><br\/>Hymn <em>O felicem genitricem<\/em><\/p>\n\n<p><strong>Guillaume de Machaut:<\/strong><br\/><em>Inviolata genitrix<\/em><\/p>\n\n<p>Kyrie <em>Fons bonitatis<\/em><br\/>Hymn <em>Martir Dei Wenceslaus<\/em><br\/>Motet <em>Brumans est mors<\/em><br\/>Responsorium <em>Media vita<\/em><br\/>Lay <em>Otep myrhy<\/em><br\/>Planctus <em>Quis dabit<\/em><br\/>Hymn <em>Quae es ista<\/em><br\/>Lay <em>Ach homo fragilis<\/em><\/p>\n\n<p><strong>Petrus Wilhelmi de Grudencz:<\/strong><br\/><em>Prefulcitam expolitam<\/em><\/p>\n\n<p>Codex Faenza<br\/>Carmina Burana<br\/>Speci\u00e1ln\u00edk Codex &#8211; <em>Our dear Saint Wenceslas<\/em><br\/>Sequentia<em> Dies irae<\/em><\/p>\n\n<p><strong>Johannes Ockeghem:<\/strong><br\/><em>Requiem aeternam<\/em><\/p>\n\n<h4 class=\"wp-block-heading\">performers<\/h4>\n\n<p><strong>Cappella Mariana<br\/>Hana Bla\u017e\u00edkov\u00e1 <\/strong>&#8211; soprano, gothic harp<br\/><strong>Jakub Kydl\u00ed\u010dek <\/strong>&#8211; flutes<br\/><strong>Vojt\u011bch Semer\u00e1d<\/strong> &#8211; tenor, violin<br\/><strong>Tom\u00e1\u0161 Lajtkep<\/strong> &#8211; tenor, trombone<br\/><strong>Ond\u0159ej Holub<\/strong> &#8211; tenor<br\/><strong>Jarom\u00edr Nosek<\/strong> &#8211; bass<br\/>Artistic director<strong> Vojt\u011bch Semer\u00e1d<\/strong><\/p>\n\n<h4 class=\"wp-block-heading\">photogallery<\/h4>\n\n<div class=\"wp-block-group is-layout-constrained wp-block-group-is-layout-constrained\">\n<div class=\"wp-block-columns is-layout-flex wp-container-core-columns-is-layout-1 wp-block-columns-is-layout-flex\">\n<div class=\"wp-block-column is-layout-flow wp-block-column-is-layout-flow\" style=\"flex-basis:100%\">\n<figure class=\"wp-block-gallery has-nested-images columns-4 is-cropped wp-block-gallery-1 is-layout-flex wp-block-gallery-is-layout-flex\" style=\"border-style:none;border-width:0px\">\n<figure class=\"wp-block-image size-large\"><img fetchpriority=\"high\" decoding=\"async\" width=\"1024\" height=\"1024\" src=\"https:\/\/smetanovalitomysl.cz\/wp-content\/uploads\/2025\/02\/Svaty-Vaclav-1-1024x1024.png\" alt=\"\" class=\"wp-image-153154\" srcset=\"https:\/\/smetanovalitomysl.cz\/wp-content\/uploads\/2025\/02\/Svaty-Vaclav-1-1024x1024.png 1024w, https:\/\/smetanovalitomysl.cz\/wp-content\/uploads\/2025\/02\/Svaty-Vaclav-1-300x300.png 300w, https:\/\/smetanovalitomysl.cz\/wp-content\/uploads\/2025\/02\/Svaty-Vaclav-1-150x150.png 150w, https:\/\/smetanovalitomysl.cz\/wp-content\/uploads\/2025\/02\/Svaty-Vaclav-1-768x768.png 768w, https:\/\/smetanovalitomysl.cz\/wp-content\/uploads\/2025\/02\/Svaty-Vaclav-1-1536x1536.png 1536w, https:\/\/smetanovalitomysl.cz\/wp-content\/uploads\/2025\/02\/Svaty-Vaclav-1-2048x2048.png 2048w, https:\/\/smetanovalitomysl.cz\/wp-content\/uploads\/2025\/02\/Svaty-Vaclav-1.png 1920w\" sizes=\"(max-width: 1024px) 100vw, 1024px\" \/><\/figure>\n\n\n\n<figure class=\"wp-block-image size-large\"><img decoding=\"async\" width=\"1024\" height=\"1024\" src=\"https:\/\/smetanovalitomysl.cz\/wp-content\/uploads\/2025\/02\/Svaty-Vaclav-2-1024x1024.png\" alt=\"\" class=\"wp-image-153156\" srcset=\"https:\/\/smetanovalitomysl.cz\/wp-content\/uploads\/2025\/02\/Svaty-Vaclav-2-1024x1024.png 1024w, https:\/\/smetanovalitomysl.cz\/wp-content\/uploads\/2025\/02\/Svaty-Vaclav-2-300x300.png 300w, https:\/\/smetanovalitomysl.cz\/wp-content\/uploads\/2025\/02\/Svaty-Vaclav-2-150x150.png 150w, https:\/\/smetanovalitomysl.cz\/wp-content\/uploads\/2025\/02\/Svaty-Vaclav-2-768x768.png 768w, https:\/\/smetanovalitomysl.cz\/wp-content\/uploads\/2025\/02\/Svaty-Vaclav-2-1536x1536.png 1536w, https:\/\/smetanovalitomysl.cz\/wp-content\/uploads\/2025\/02\/Svaty-Vaclav-2-2048x2048.png 2048w, https:\/\/smetanovalitomysl.cz\/wp-content\/uploads\/2025\/02\/Svaty-Vaclav-2.png 1920w\" sizes=\"(max-width: 1024px) 100vw, 1024px\" \/><\/figure>\n\n\n\n<figure class=\"wp-block-image size-large\"><img decoding=\"async\" width=\"1024\" height=\"1024\" src=\"https:\/\/smetanovalitomysl.cz\/wp-content\/uploads\/2025\/02\/Svaty-Vaclav-3-1024x1024.png\" alt=\"\" class=\"wp-image-153158\" srcset=\"https:\/\/smetanovalitomysl.cz\/wp-content\/uploads\/2025\/02\/Svaty-Vaclav-3-1024x1024.png 1024w, https:\/\/smetanovalitomysl.cz\/wp-content\/uploads\/2025\/02\/Svaty-Vaclav-3-300x300.png 300w, https:\/\/smetanovalitomysl.cz\/wp-content\/uploads\/2025\/02\/Svaty-Vaclav-3-150x150.png 150w, https:\/\/smetanovalitomysl.cz\/wp-content\/uploads\/2025\/02\/Svaty-Vaclav-3-768x768.png 768w, https:\/\/smetanovalitomysl.cz\/wp-content\/uploads\/2025\/02\/Svaty-Vaclav-3-1536x1536.png 1536w, https:\/\/smetanovalitomysl.cz\/wp-content\/uploads\/2025\/02\/Svaty-Vaclav-3-2048x2048.png 2048w, https:\/\/smetanovalitomysl.cz\/wp-content\/uploads\/2025\/02\/Svaty-Vaclav-3.png 1920w\" sizes=\"(max-width: 1024px) 100vw, 1024px\" \/><\/figure>\n\n\n\n<figure class=\"wp-block-image size-large\"><img loading=\"lazy\" decoding=\"async\" width=\"1024\" height=\"1024\" src=\"https:\/\/smetanovalitomysl.cz\/wp-content\/uploads\/2025\/02\/Svaty-Vaclav-4-1024x1024.png\" alt=\"\" class=\"wp-image-153160\" srcset=\"https:\/\/smetanovalitomysl.cz\/wp-content\/uploads\/2025\/02\/Svaty-Vaclav-4-1024x1024.png 1024w, https:\/\/smetanovalitomysl.cz\/wp-content\/uploads\/2025\/02\/Svaty-Vaclav-4-300x300.png 300w, https:\/\/smetanovalitomysl.cz\/wp-content\/uploads\/2025\/02\/Svaty-Vaclav-4-150x150.png 150w, https:\/\/smetanovalitomysl.cz\/wp-content\/uploads\/2025\/02\/Svaty-Vaclav-4-768x768.png 768w, https:\/\/smetanovalitomysl.cz\/wp-content\/uploads\/2025\/02\/Svaty-Vaclav-4-1536x1536.png 1536w, https:\/\/smetanovalitomysl.cz\/wp-content\/uploads\/2025\/02\/Svaty-Vaclav-4-2048x2048.png 2048w, https:\/\/smetanovalitomysl.cz\/wp-content\/uploads\/2025\/02\/Svaty-Vaclav-4.png 1920w\" sizes=\"(max-width: 1024px) 100vw, 1024px\" \/><\/figure>\n<\/figure>\n<\/div>\n<\/div>\n<\/div>\n","protected":false},"featured_media":152280,"template":"","zarn":[],"ambasadori":[2874],"class_list":["post-153110","udalosti","type-udalosti","status-publish","has-post-thumbnail","hentry","misto_konani-the-church-of-the-finding-of-the-holy-cross","zanr-chamber-series"],"acf":[],"_links":{"self":[{"href":"https:\/\/smetanovalitomysl.cz\/en\/wp-json\/wp\/v2\/udalosti\/153110","targetHints":{"allow":["GET"]}}],"collection":[{"href":"https:\/\/smetanovalitomysl.cz\/en\/wp-json\/wp\/v2\/udalosti"}],"about":[{"href":"https:\/\/smetanovalitomysl.cz\/en\/wp-json\/wp\/v2\/types\/udalosti"}],"wp:featuredmedia":[{"embeddable":true,"href":"https:\/\/smetanovalitomysl.cz\/en\/wp-json\/wp\/v2\/media\/152280"}],"wp:attachment":[{"href":"https:\/\/smetanovalitomysl.cz\/en\/wp-json\/wp\/v2\/media?parent=153110"}],"wp:term":[{"taxonomy":"zarn","embeddable":true,"href":"https:\/\/smetanovalitomysl.cz\/en\/wp-json\/wp\/v2\/zarn?post=153110"},{"taxonomy":"ambasadori","embeddable":true,"href":"https:\/\/smetanovalitomysl.cz\/en\/wp-json\/wp\/v2\/ambasadori?post=153110"}],"curies":[{"name":"wp","href":"https:\/\/api.w.org\/{rel}","templated":true}]}}

<p>A screening of the first Czechoslovakian epic film &#8220;Saint Wenceslas&#8221; – a silent film by Jan Stanislav Kolár from 1929 – accompanied by Vojtěch Semerád&#8217;s vocal ensemble Cappella Mariana. This unconventional St. <em>Wenceslas nocturne </em>will be an artistic tribute to the main patron saint of the Czech nation. </p>

<h4 class="wp-block-heading">programme</h4>

<p><em>Lord, have mercy on us</em><br/>Hymn <em>Saint Wenceslas</em></p>

<p><strong>Guillaume de Machaut:</strong><br/><em>He!Mors</em></p>

<p>Antiphon<em> Laudes canens Davidicas</em><br/>Organum <em>Mors</em><br/>Hymn <em>Lux vera lucis radium</em><br/>Hymn <em>O felicem genitricem</em></p>

<p><strong>Guillaume de Machaut:</strong><br/><em>Inviolata genitrix</em></p>

<p>Kyrie <em>Fons bonitatis</em><br/>Hymn <em>Martir Dei Wenceslaus</em><br/>Motet <em>Brumans est mors</em><br/>Responsorium <em>Media vita</em><br/>Lay <em>Otep myrhy</em><br/>Planctus <em>Quis dabit</em><br/>Hymn <em>Quae es ista</em><br/>Lay <em>Ach homo fragilis</em></p>

<p><strong>Petrus Wilhelmi de Grudencz:</strong><br/><em>Prefulcitam expolitam</em></p>

<p>Codex Faenza<br/>Carmina Burana<br/>Speciálník Codex &#8211; <em>Our dear Saint Wenceslas</em><br/>Sequentia<em> Dies irae</em></p>

<p><strong>Johannes Ockeghem:</strong><br/><em>Requiem aeternam</em></p>

<h4 class="wp-block-heading">performers</h4>

<p><strong>Cappella Mariana<br/>Hana Blažíková </strong>&#8211; soprano, gothic harp<br/><strong>Jakub Kydlíček </strong>&#8211; flutes<br/><strong>Vojtěch Semerád</strong> &#8211; tenor, violin<br/><strong>Tomáš Lajtkep</strong> &#8211; tenor, trombone<br/><strong>Ondřej Holub</strong> &#8211; tenor<br/><strong>Jaromír Nosek</strong> &#8211; bass<br/>Artistic director<strong> Vojtěch Semerád</strong></p>

<h4 class="wp-block-heading">photogallery</h4>

<div class="wp-block-group is-layout-constrained wp-block-group-is-layout-constrained">
<div class="wp-block-columns is-layout-flex wp-container-core-columns-is-layout-1 wp-block-columns-is-layout-flex">
<div class="wp-block-column is-layout-flow wp-block-column-is-layout-flow" style="flex-basis:100%">
<figure class="wp-block-gallery has-nested-images columns-4 is-cropped wp-block-gallery-1 is-layout-flex wp-block-gallery-is-layout-flex" style="border-style:none;border-width:0px">
<figure class="wp-block-image size-large"><img fetchpriority="high" decoding="async" width="1024" height="1024" src="https://smetanovalitomysl.cz/wp-content/uploads/2025/02/Svaty-Vaclav-1-1024x1024.png" alt="" class="wp-image-153154" srcset="https://smetanovalitomysl.cz/wp-content/uploads/2025/02/Svaty-Vaclav-1-1024x1024.png 1024w, https://smetanovalitomysl.cz/wp-content/uploads/2025/02/Svaty-Vaclav-1-300x300.png 300w, https://smetanovalitomysl.cz/wp-content/uploads/2025/02/Svaty-Vaclav-1-150x150.png 150w, https://smetanovalitomysl.cz/wp-content/uploads/2025/02/Svaty-Vaclav-1-768x768.png 768w, https://smetanovalitomysl.cz/wp-content/uploads/2025/02/Svaty-Vaclav-1-1536x1536.png 1536w, https://smetanovalitomysl.cz/wp-content/uploads/2025/02/Svaty-Vaclav-1-2048x2048.png 2048w, https://smetanovalitomysl.cz/wp-content/uploads/2025/02/Svaty-Vaclav-1.png 1920w" sizes="(max-width: 1024px) 100vw, 1024px" /></figure>



<figure class="wp-block-image size-large"><img decoding="async" width="1024" height="1024" src="https://smetanovalitomysl.cz/wp-content/uploads/2025/02/Svaty-Vaclav-2-1024x1024.png" alt="" class="wp-image-153156" srcset="https://smetanovalitomysl.cz/wp-content/uploads/2025/02/Svaty-Vaclav-2-1024x1024.png 1024w, https://smetanovalitomysl.cz/wp-content/uploads/2025/02/Svaty-Vaclav-2-300x300.png 300w, https://smetanovalitomysl.cz/wp-content/uploads/2025/02/Svaty-Vaclav-2-150x150.png 150w, https://smetanovalitomysl.cz/wp-content/uploads/2025/02/Svaty-Vaclav-2-768x768.png 768w, https://smetanovalitomysl.cz/wp-content/uploads/2025/02/Svaty-Vaclav-2-1536x1536.png 1536w, https://smetanovalitomysl.cz/wp-content/uploads/2025/02/Svaty-Vaclav-2-2048x2048.png 2048w, https://smetanovalitomysl.cz/wp-content/uploads/2025/02/Svaty-Vaclav-2.png 1920w" sizes="(max-width: 1024px) 100vw, 1024px" /></figure>



<figure class="wp-block-image size-large"><img decoding="async" width="1024" height="1024" src="https://smetanovalitomysl.cz/wp-content/uploads/2025/02/Svaty-Vaclav-3-1024x1024.png" alt="" class="wp-image-153158" srcset="https://smetanovalitomysl.cz/wp-content/uploads/2025/02/Svaty-Vaclav-3-1024x1024.png 1024w, https://smetanovalitomysl.cz/wp-content/uploads/2025/02/Svaty-Vaclav-3-300x300.png 300w, https://smetanovalitomysl.cz/wp-content/uploads/2025/02/Svaty-Vaclav-3-150x150.png 150w, https://smetanovalitomysl.cz/wp-content/uploads/2025/02/Svaty-Vaclav-3-768x768.png 768w, https://smetanovalitomysl.cz/wp-content/uploads/2025/02/Svaty-Vaclav-3-1536x1536.png 1536w, https://smetanovalitomysl.cz/wp-content/uploads/2025/02/Svaty-Vaclav-3-2048x2048.png 2048w, https://smetanovalitomysl.cz/wp-content/uploads/2025/02/Svaty-Vaclav-3.png 1920w" sizes="(max-width: 1024px) 100vw, 1024px" /></figure>



<figure class="wp-block-image size-large"><img loading="lazy" decoding="async" width="1024" height="1024" src="https://smetanovalitomysl.cz/wp-content/uploads/2025/02/Svaty-Vaclav-4-1024x1024.png" alt="" class="wp-image-153160" srcset="https://smetanovalitomysl.cz/wp-content/uploads/2025/02/Svaty-Vaclav-4-1024x1024.png 1024w, https://smetanovalitomysl.cz/wp-content/uploads/2025/02/Svaty-Vaclav-4-300x300.png 300w, https://smetanovalitomysl.cz/wp-content/uploads/2025/02/Svaty-Vaclav-4-150x150.png 150w, https://smetanovalitomysl.cz/wp-content/uploads/2025/02/Svaty-Vaclav-4-768x768.png 768w, https://smetanovalitomysl.cz/wp-content/uploads/2025/02/Svaty-Vaclav-4-1536x1536.png 1536w, https://smetanovalitomysl.cz/wp-content/uploads/2025/02/Svaty-Vaclav-4-2048x2048.png 2048w, https://smetanovalitomysl.cz/wp-content/uploads/2025/02/Svaty-Vaclav-4.png 1920w" sizes="(max-width: 1024px) 100vw, 1024px" /></figure>
</figure>
</div>
</div>
</div>
