{"id":157432,"date":"2026-02-16T01:39:26","date_gmt":"2026-02-16T00:39:26","guid":{"rendered":"https:\/\/smetanovalitomysl.cz\/udalosti\/a-night-at-the-nove-hrady-chateau-2\/"},"modified":"2026-03-03T21:15:06","modified_gmt":"2026-03-03T20:15:06","slug":"a-night-at-the-nove-hrady-chateau-2","status":"publish","type":"udalosti","link":"https:\/\/smetanovalitomysl.cz\/en\/udalosti\/a-night-at-the-nove-hrady-chateau-2\/","title":{"rendered":"A Night at the Nov\u00e9 Hrady Chateau"},"content":{"rendered":"\n<p>In 2026, the Nov\u00e9 Hrady Chateau hosts a performance of the comic opera <em>Der Augenarzt <\/em><em>(\u201cThe Oculist\u201d)<\/em> by Adalbert Gyrowetz, a prominent composer of the late Classical period. This German Singspiel is among the titles that appear on stage only rarely and offers an opportunity to glimpse a lesser-known facet of the operatic repertoire of its time. Musica Florea specializes in historically informed performance and period instruments, seeking to evoke the sound of Gyrowetz\u2019s era. The chateau setting in Nov\u00e9 Hrady convincingly recreates the atmosphere of early operatic performances at aristocratic residences.   <\/p>\n\n<div style=\"height:10px\" aria-hidden=\"true\" class=\"wp-block-spacer\"><\/div>\n\n<hr class=\"wp-block-separator has-text-color has-black-color has-alpha-channel-opacity has-black-background-color has-background\" style=\"margin-top:5px;margin-bottom:5px\"\/>\n\n<p>Upon arriving in Nov\u00e9 Hrady, visitors immediately recognize the enlightened care of the &#8220;landowners.&#8221;<br\/>Magda and Petr Ku\u010dera have long transformed not only the immediate surroundings of their castle but also the character of the entire landscape. Fields give way to meadows, and among the thickets, fallow deer and majestic stags graze. In the stables and pastures a bit further away, horses trot, and at the center of it all, on a hill above the small East Bohemian village, a Rococo chateau opens its arms.  <\/p>\n\n<p>This small Czech Versailles is surrounded by more than ten types of gardens, one of which features a green amphitheater inspired by natural Baroque theaters. Since 2012, it has become a regular venue for specially staged performances of operas by old masters. <\/p>\n\n<h4 class=\"wp-block-heading\">programme<\/h4>\n\n<p><strong>Adalbert Gyrowetz<\/strong><br\/>Der Augenarzt<br\/>Singspiel in two acts in the Czech translation by J. K. Chmelensky to a libretto by Emmanuel Veith.<\/p>\n\n<h4 class=\"wp-block-heading\">Performers<\/h4>\n\n<p>Count Kamensk\u00fd, owner of the Skalka estate &#8211; <strong>Michal Marhold<\/strong><br\/>Horsk\u00fd, military physician &#8211; <strong>Ond\u0159ej Benek<\/strong><br\/>Pastor Voln\u00fd &#8211; <strong>Ji\u0159\u00ed Pol\u00e1\u010dek<\/strong><br\/>Ludmila, his wife &#8211; <strong>Helena Kalambov\u00e1<\/strong><br\/>Marie, their daughter &#8211; <strong>Hana Holod\u0148\u00e1kov\u00e1<\/strong><br\/>Filip, their ward &#8211; <strong>Veronika Haji\u010d Voj\u00ed\u0159ov\u00e1<\/strong><br\/>Vilem\u00edna, their ward &#8211; <strong>Eli\u0161ka Min\u00e1\u0159ov\u00e1<\/strong><br\/>Je\u017eek, caretaker at the chateau &#8211; <strong>Vincenc Ign\u00e1c Novotn\u00fd<\/strong><\/p>\n\n<p><strong>Collegium Floreum<\/strong><br\/><strong>Musica Florea<\/strong><br\/><strong>Marek \u0160tryncl <\/strong>&#8211; conductor<br\/><strong>Tom\u00e1\u0161 Hanzl\u00edk<\/strong> &#8211; director, set design<br\/><br\/><br\/><\/p>\n\n<h4 class=\"wp-block-heading\">photogallery<\/h4>\n\n<div class=\"wp-block-group is-layout-constrained wp-block-group-is-layout-constrained\">\n<div class=\"wp-block-columns is-layout-flex wp-container-core-columns-is-layout-1 wp-block-columns-is-layout-flex\">\n<div class=\"wp-block-column is-layout-flow wp-block-column-is-layout-flow\" style=\"flex-basis:100%\">\n<figure class=\"wp-block-gallery has-nested-images columns-4 is-cropped wp-block-gallery-1 is-layout-flex wp-block-gallery-is-layout-flex\" style=\"border-style:none;border-width:0px\">\n<figure class=\"wp-block-image size-large\"><img fetchpriority=\"high\" decoding=\"async\" width=\"1024\" height=\"1024\" src=\"https:\/\/smetanovalitomysl.cz\/wp-content\/uploads\/2026\/02\/VECER-NA-ZAMKU-V-NOVYCH-HRADECH-3-1-1024x1024.png\" alt=\"\" class=\"wp-image-156949\" srcset=\"https:\/\/smetanovalitomysl.cz\/wp-content\/uploads\/2026\/02\/VECER-NA-ZAMKU-V-NOVYCH-HRADECH-3-1-1024x1024.png 1024w, https:\/\/smetanovalitomysl.cz\/wp-content\/uploads\/2026\/02\/VECER-NA-ZAMKU-V-NOVYCH-HRADECH-3-1-300x300.png 300w, https:\/\/smetanovalitomysl.cz\/wp-content\/uploads\/2026\/02\/VECER-NA-ZAMKU-V-NOVYCH-HRADECH-3-1-150x150.png 150w, https:\/\/smetanovalitomysl.cz\/wp-content\/uploads\/2026\/02\/VECER-NA-ZAMKU-V-NOVYCH-HRADECH-3-1-768x768.png 768w, https:\/\/smetanovalitomysl.cz\/wp-content\/uploads\/2026\/02\/VECER-NA-ZAMKU-V-NOVYCH-HRADECH-3-1.png 1350w\" sizes=\"(max-width: 1024px) 100vw, 1024px\" \/><\/figure>\n\n\n\n<figure class=\"wp-block-image size-large\"><img decoding=\"async\" width=\"1024\" height=\"1024\" src=\"https:\/\/smetanovalitomysl.cz\/wp-content\/uploads\/2026\/02\/VECER-NA-ZAMKU-V-NOVYCH-HRADECH-4-1024x1024.png\" alt=\"\" class=\"wp-image-156951\" srcset=\"https:\/\/smetanovalitomysl.cz\/wp-content\/uploads\/2026\/02\/VECER-NA-ZAMKU-V-NOVYCH-HRADECH-4-1024x1024.png 1024w, https:\/\/smetanovalitomysl.cz\/wp-content\/uploads\/2026\/02\/VECER-NA-ZAMKU-V-NOVYCH-HRADECH-4-300x300.png 300w, https:\/\/smetanovalitomysl.cz\/wp-content\/uploads\/2026\/02\/VECER-NA-ZAMKU-V-NOVYCH-HRADECH-4-150x150.png 150w, https:\/\/smetanovalitomysl.cz\/wp-content\/uploads\/2026\/02\/VECER-NA-ZAMKU-V-NOVYCH-HRADECH-4-768x768.png 768w, https:\/\/smetanovalitomysl.cz\/wp-content\/uploads\/2026\/02\/VECER-NA-ZAMKU-V-NOVYCH-HRADECH-4.png 1350w\" sizes=\"(max-width: 1024px) 100vw, 1024px\" \/><\/figure>\n\n\n\n<figure class=\"wp-block-image size-large\"><img decoding=\"async\" width=\"1024\" height=\"1024\" src=\"https:\/\/smetanovalitomysl.cz\/wp-content\/uploads\/2026\/02\/VECER-NA-ZAMKU-V-NOVYCH-HRADECH-2-1-1024x1024.png\" alt=\"\" class=\"wp-image-156947\" srcset=\"https:\/\/smetanovalitomysl.cz\/wp-content\/uploads\/2026\/02\/VECER-NA-ZAMKU-V-NOVYCH-HRADECH-2-1-1024x1024.png 1024w, https:\/\/smetanovalitomysl.cz\/wp-content\/uploads\/2026\/02\/VECER-NA-ZAMKU-V-NOVYCH-HRADECH-2-1-300x300.png 300w, https:\/\/smetanovalitomysl.cz\/wp-content\/uploads\/2026\/02\/VECER-NA-ZAMKU-V-NOVYCH-HRADECH-2-1-150x150.png 150w, https:\/\/smetanovalitomysl.cz\/wp-content\/uploads\/2026\/02\/VECER-NA-ZAMKU-V-NOVYCH-HRADECH-2-1-768x768.png 768w, https:\/\/smetanovalitomysl.cz\/wp-content\/uploads\/2026\/02\/VECER-NA-ZAMKU-V-NOVYCH-HRADECH-2-1.png 1350w\" sizes=\"(max-width: 1024px) 100vw, 1024px\" \/><\/figure>\n\n\n\n<figure class=\"wp-block-image size-large\"><img loading=\"lazy\" decoding=\"async\" width=\"1024\" height=\"1024\" src=\"https:\/\/smetanovalitomysl.cz\/wp-content\/uploads\/2026\/02\/VECER-NA-ZAMKU-V-NOVYCH-HRADECH-1-1-1024x1024.png\" alt=\"\" class=\"wp-image-156945\" srcset=\"https:\/\/smetanovalitomysl.cz\/wp-content\/uploads\/2026\/02\/VECER-NA-ZAMKU-V-NOVYCH-HRADECH-1-1-1024x1024.png 1024w, https:\/\/smetanovalitomysl.cz\/wp-content\/uploads\/2026\/02\/VECER-NA-ZAMKU-V-NOVYCH-HRADECH-1-1-300x300.png 300w, https:\/\/smetanovalitomysl.cz\/wp-content\/uploads\/2026\/02\/VECER-NA-ZAMKU-V-NOVYCH-HRADECH-1-1-150x150.png 150w, https:\/\/smetanovalitomysl.cz\/wp-content\/uploads\/2026\/02\/VECER-NA-ZAMKU-V-NOVYCH-HRADECH-1-1-768x768.png 768w, https:\/\/smetanovalitomysl.cz\/wp-content\/uploads\/2026\/02\/VECER-NA-ZAMKU-V-NOVYCH-HRADECH-1-1.png 1350w\" sizes=\"(max-width: 1024px) 100vw, 1024px\" \/><\/figure>\n<\/figure>\n<\/div>\n<\/div>\n<\/div>\n","protected":false},"featured_media":156734,"template":"","zarn":[],"ambasadori":[2874],"class_list":["post-157432","udalosti","type-udalosti","status-publish","has-post-thumbnail","hentry","misto_konani-the-rococo-chateau-of-nove-hrady","zanr-operni-rada-en"],"acf":[],"_links":{"self":[{"href":"https:\/\/smetanovalitomysl.cz\/en\/wp-json\/wp\/v2\/udalosti\/157432","targetHints":{"allow":["GET"]}}],"collection":[{"href":"https:\/\/smetanovalitomysl.cz\/en\/wp-json\/wp\/v2\/udalosti"}],"about":[{"href":"https:\/\/smetanovalitomysl.cz\/en\/wp-json\/wp\/v2\/types\/udalosti"}],"wp:featuredmedia":[{"embeddable":true,"href":"https:\/\/smetanovalitomysl.cz\/en\/wp-json\/wp\/v2\/media\/156734"}],"wp:attachment":[{"href":"https:\/\/smetanovalitomysl.cz\/en\/wp-json\/wp\/v2\/media?parent=157432"}],"wp:term":[{"taxonomy":"zarn","embeddable":true,"href":"https:\/\/smetanovalitomysl.cz\/en\/wp-json\/wp\/v2\/zarn?post=157432"},{"taxonomy":"ambasadori","embeddable":true,"href":"https:\/\/smetanovalitomysl.cz\/en\/wp-json\/wp\/v2\/ambasadori?post=157432"}],"curies":[{"name":"wp","href":"https:\/\/api.w.org\/{rel}","templated":true}]}}

A Night at the Nové Hrady Chateau

<p>In 2026, the Nové Hrady Chateau hosts a performance of the comic opera <em>Der Augenarzt </em><em>(“The Oculist”)</em> by Adalbert Gyrowetz, a prominent composer of the late Classical period. This German Singspiel is among the titles that appear on stage only rarely and offers an opportunity to glimpse a lesser-known facet of the operatic repertoire of its time. Musica Florea specializes in historically informed performance and period instruments, seeking to evoke the sound of Gyrowetz’s era. The chateau setting in Nové Hrady convincingly recreates the atmosphere of early operatic performances at aristocratic residences.   </p>

<div style="height:10px" aria-hidden="true" class="wp-block-spacer"></div>

<hr class="wp-block-separator has-text-color has-black-color has-alpha-channel-opacity has-black-background-color has-background" style="margin-top:5px;margin-bottom:5px"/>

<p>Upon arriving in Nové Hrady, visitors immediately recognize the enlightened care of the &#8220;landowners.&#8221;<br/>Magda and Petr Kučera have long transformed not only the immediate surroundings of their castle but also the character of the entire landscape. Fields give way to meadows, and among the thickets, fallow deer and majestic stags graze. In the stables and pastures a bit further away, horses trot, and at the center of it all, on a hill above the small East Bohemian village, a Rococo chateau opens its arms.  </p>

<p>This small Czech Versailles is surrounded by more than ten types of gardens, one of which features a green amphitheater inspired by natural Baroque theaters. Since 2012, it has become a regular venue for specially staged performances of operas by old masters. </p>

<h4 class="wp-block-heading">programme</h4>

<p><strong>Adalbert Gyrowetz</strong><br/>Der Augenarzt<br/>Singspiel in two acts in the Czech translation by J. K. Chmelensky to a libretto by Emmanuel Veith.</p>

<h4 class="wp-block-heading">Performers</h4>

<p>Count Kamenský, owner of the Skalka estate &#8211; <strong>Michal Marhold</strong><br/>Horský, military physician &#8211; <strong>Ondřej Benek</strong><br/>Pastor Volný &#8211; <strong>Jiří Poláček</strong><br/>Ludmila, his wife &#8211; <strong>Helena Kalambová</strong><br/>Marie, their daughter &#8211; <strong>Hana Holodňáková</strong><br/>Filip, their ward &#8211; <strong>Veronika Hajič Vojířová</strong><br/>Vilemína, their ward &#8211; <strong>Eliška Minářová</strong><br/>Ježek, caretaker at the chateau &#8211; <strong>Vincenc Ignác Novotný</strong></p>

<p><strong>Collegium Floreum</strong><br/><strong>Musica Florea</strong><br/><strong>Marek Štryncl </strong>&#8211; conductor<br/><strong>Tomáš Hanzlík</strong> &#8211; director, set design<br/><br/><br/></p>

<h4 class="wp-block-heading">photogallery</h4>

<div class="wp-block-group is-layout-constrained wp-block-group-is-layout-constrained">
<div class="wp-block-columns is-layout-flex wp-container-core-columns-is-layout-1 wp-block-columns-is-layout-flex">
<div class="wp-block-column is-layout-flow wp-block-column-is-layout-flow" style="flex-basis:100%">
<figure class="wp-block-gallery has-nested-images columns-4 is-cropped wp-block-gallery-1 is-layout-flex wp-block-gallery-is-layout-flex" style="border-style:none;border-width:0px">
<figure class="wp-block-image size-large"><img fetchpriority="high" decoding="async" width="1024" height="1024" src="https://smetanovalitomysl.cz/wp-content/uploads/2026/02/VECER-NA-ZAMKU-V-NOVYCH-HRADECH-3-1-1024x1024.png" alt="" class="wp-image-156949" srcset="https://smetanovalitomysl.cz/wp-content/uploads/2026/02/VECER-NA-ZAMKU-V-NOVYCH-HRADECH-3-1-1024x1024.png 1024w, https://smetanovalitomysl.cz/wp-content/uploads/2026/02/VECER-NA-ZAMKU-V-NOVYCH-HRADECH-3-1-300x300.png 300w, https://smetanovalitomysl.cz/wp-content/uploads/2026/02/VECER-NA-ZAMKU-V-NOVYCH-HRADECH-3-1-150x150.png 150w, https://smetanovalitomysl.cz/wp-content/uploads/2026/02/VECER-NA-ZAMKU-V-NOVYCH-HRADECH-3-1-768x768.png 768w, https://smetanovalitomysl.cz/wp-content/uploads/2026/02/VECER-NA-ZAMKU-V-NOVYCH-HRADECH-3-1.png 1350w" sizes="(max-width: 1024px) 100vw, 1024px" /></figure>



<figure class="wp-block-image size-large"><img decoding="async" width="1024" height="1024" src="https://smetanovalitomysl.cz/wp-content/uploads/2026/02/VECER-NA-ZAMKU-V-NOVYCH-HRADECH-4-1024x1024.png" alt="" class="wp-image-156951" srcset="https://smetanovalitomysl.cz/wp-content/uploads/2026/02/VECER-NA-ZAMKU-V-NOVYCH-HRADECH-4-1024x1024.png 1024w, https://smetanovalitomysl.cz/wp-content/uploads/2026/02/VECER-NA-ZAMKU-V-NOVYCH-HRADECH-4-300x300.png 300w, https://smetanovalitomysl.cz/wp-content/uploads/2026/02/VECER-NA-ZAMKU-V-NOVYCH-HRADECH-4-150x150.png 150w, https://smetanovalitomysl.cz/wp-content/uploads/2026/02/VECER-NA-ZAMKU-V-NOVYCH-HRADECH-4-768x768.png 768w, https://smetanovalitomysl.cz/wp-content/uploads/2026/02/VECER-NA-ZAMKU-V-NOVYCH-HRADECH-4.png 1350w" sizes="(max-width: 1024px) 100vw, 1024px" /></figure>



<figure class="wp-block-image size-large"><img decoding="async" width="1024" height="1024" src="https://smetanovalitomysl.cz/wp-content/uploads/2026/02/VECER-NA-ZAMKU-V-NOVYCH-HRADECH-2-1-1024x1024.png" alt="" class="wp-image-156947" srcset="https://smetanovalitomysl.cz/wp-content/uploads/2026/02/VECER-NA-ZAMKU-V-NOVYCH-HRADECH-2-1-1024x1024.png 1024w, https://smetanovalitomysl.cz/wp-content/uploads/2026/02/VECER-NA-ZAMKU-V-NOVYCH-HRADECH-2-1-300x300.png 300w, https://smetanovalitomysl.cz/wp-content/uploads/2026/02/VECER-NA-ZAMKU-V-NOVYCH-HRADECH-2-1-150x150.png 150w, https://smetanovalitomysl.cz/wp-content/uploads/2026/02/VECER-NA-ZAMKU-V-NOVYCH-HRADECH-2-1-768x768.png 768w, https://smetanovalitomysl.cz/wp-content/uploads/2026/02/VECER-NA-ZAMKU-V-NOVYCH-HRADECH-2-1.png 1350w" sizes="(max-width: 1024px) 100vw, 1024px" /></figure>



<figure class="wp-block-image size-large"><img loading="lazy" decoding="async" width="1024" height="1024" src="https://smetanovalitomysl.cz/wp-content/uploads/2026/02/VECER-NA-ZAMKU-V-NOVYCH-HRADECH-1-1-1024x1024.png" alt="" class="wp-image-156945" srcset="https://smetanovalitomysl.cz/wp-content/uploads/2026/02/VECER-NA-ZAMKU-V-NOVYCH-HRADECH-1-1-1024x1024.png 1024w, https://smetanovalitomysl.cz/wp-content/uploads/2026/02/VECER-NA-ZAMKU-V-NOVYCH-HRADECH-1-1-300x300.png 300w, https://smetanovalitomysl.cz/wp-content/uploads/2026/02/VECER-NA-ZAMKU-V-NOVYCH-HRADECH-1-1-150x150.png 150w, https://smetanovalitomysl.cz/wp-content/uploads/2026/02/VECER-NA-ZAMKU-V-NOVYCH-HRADECH-1-1-768x768.png 768w, https://smetanovalitomysl.cz/wp-content/uploads/2026/02/VECER-NA-ZAMKU-V-NOVYCH-HRADECH-1-1.png 1350w" sizes="(max-width: 1024px) 100vw, 1024px" /></figure>
</figure>
</div>
</div>
</div>
