{"id":157446,"date":"2026-02-16T02:34:27","date_gmt":"2026-02-16T01:34:27","guid":{"rendered":"https:\/\/smetanovalitomysl.cz\/udalosti\/bedrich-smetana-the-devils-wall\/"},"modified":"2026-03-03T21:18:36","modified_gmt":"2026-03-03T20:18:36","slug":"bedrich-smetana-the-devils-wall","status":"publish","type":"udalosti","link":"https:\/\/smetanovalitomysl.cz\/en\/udalosti\/bedrich-smetana-the-devils-wall\/","title":{"rendered":"Bed\u0159ich Smetana: The Devil\u2019s Wall"},"content":{"rendered":"\n<p>The Devil&#8217;s Wall seems to prove that the composer could \u201chear the future\u201d \u2013 musically, it already peeks into the 20th century. Its spirited and imaginative score brings to life an old South Bohemian legend about a devil\u2019s stone wall, using colors far more modern than one might expect in 1882. The libretto by Eli\u0161ka Kr\u00e1snohorsk\u00e1 shifts naturally between reality and the realm of imagination. The production by the Jan\u00e1\u010dek Opera of the National Theatre Brno, directed by Ji\u0159\u00ed He\u0159man, builds on a powerful mythical atmosphere. Audiences can look forward to appearances by Kate\u0159ina Kn\u011b\u017e\u00edkov\u00e1, V\u00e1clava Krej\u010d\u00ed Houskov\u00e1, Peter Berger, and Roman Hoza.   <\/p>\n\n<p><em>Staged in the Czech original with Czech, English and German surtitles.<\/em><\/p>\n\n<h4 class=\"wp-block-heading\">Performers<\/h4>\n\n<p>Vok V\u00edtkovic \u2013 <strong>Roman Hoza<\/strong><br\/>Z\u00e1vi\u0161 \u2013 <strong>V\u00e1clava Krej\u010d\u00ed Houskov\u00e1<\/strong><br\/>Jarek \u2013 <strong>Peter Berger<\/strong><br\/>Hedvika \u2013 <strong>Kate\u0159ina Kn\u011b\u017e\u00edkov\u00e1<\/strong><br\/>Mich\u00e1lek \u2013 <strong>V\u00edt Nosek<\/strong><br\/>Katu\u0161ka \u2013 <strong>Doubravka Novotn\u00e1<\/strong><br\/>Bene\u0161 \u2013 <strong>David Szendiuch<\/strong><br\/>Rarach \u2013 <strong>Jan \u0160\u0165\u00e1va<\/strong><br\/><br\/><strong>Chorus and Orchestra of the Jan\u00e1\u010dek Opera of the National Theatre Brno<\/strong><br\/><strong>Robert Kru\u017e\u00edk <\/strong>\u2013 conductor<br\/><strong>Ji\u0159\u00ed He\u0159man<\/strong> \u2013 stage director<\/p>\n\n<h4 class=\"wp-block-heading\">photogallery<\/h4>\n\n<div class=\"wp-block-group is-layout-constrained wp-block-group-is-layout-constrained\">\n<div class=\"wp-block-columns is-layout-flex wp-container-core-columns-is-layout-1 wp-block-columns-is-layout-flex\">\n<div class=\"wp-block-column is-layout-flow wp-block-column-is-layout-flow\" style=\"flex-basis:100%\">\n<figure class=\"wp-block-gallery has-nested-images columns-4 is-cropped wp-block-gallery-1 is-layout-flex wp-block-gallery-is-layout-flex\" style=\"border-style:none;border-width:0px\">\n<figure class=\"wp-block-image size-large\"><img fetchpriority=\"high\" decoding=\"async\" width=\"1024\" height=\"1024\" src=\"https:\/\/smetanovalitomysl.cz\/wp-content\/uploads\/2026\/02\/BEDRICH-SMETANA_-CERTOVA-STENA-1024x1024.png\" alt=\"\" class=\"wp-image-157023\" srcset=\"https:\/\/smetanovalitomysl.cz\/wp-content\/uploads\/2026\/02\/BEDRICH-SMETANA_-CERTOVA-STENA-1024x1024.png 1024w, https:\/\/smetanovalitomysl.cz\/wp-content\/uploads\/2026\/02\/BEDRICH-SMETANA_-CERTOVA-STENA-300x300.png 300w, https:\/\/smetanovalitomysl.cz\/wp-content\/uploads\/2026\/02\/BEDRICH-SMETANA_-CERTOVA-STENA-150x150.png 150w, https:\/\/smetanovalitomysl.cz\/wp-content\/uploads\/2026\/02\/BEDRICH-SMETANA_-CERTOVA-STENA-768x768.png 768w, https:\/\/smetanovalitomysl.cz\/wp-content\/uploads\/2026\/02\/BEDRICH-SMETANA_-CERTOVA-STENA.png 1350w\" sizes=\"(max-width: 1024px) 100vw, 1024px\" \/><\/figure>\n<\/figure>\n<\/div>\n<\/div>\n<\/div>\n\n<p><\/p>\n","protected":false},"featured_media":157193,"template":"","zarn":[],"ambasadori":[2874],"class_list":["post-157446","udalosti","type-udalosti","status-publish","has-post-thumbnail","hentry","misto_konani-the-castle-courtyard","zanr-operni-rada-en"],"acf":[],"_links":{"self":[{"href":"https:\/\/smetanovalitomysl.cz\/en\/wp-json\/wp\/v2\/udalosti\/157446","targetHints":{"allow":["GET"]}}],"collection":[{"href":"https:\/\/smetanovalitomysl.cz\/en\/wp-json\/wp\/v2\/udalosti"}],"about":[{"href":"https:\/\/smetanovalitomysl.cz\/en\/wp-json\/wp\/v2\/types\/udalosti"}],"wp:featuredmedia":[{"embeddable":true,"href":"https:\/\/smetanovalitomysl.cz\/en\/wp-json\/wp\/v2\/media\/157193"}],"wp:attachment":[{"href":"https:\/\/smetanovalitomysl.cz\/en\/wp-json\/wp\/v2\/media?parent=157446"}],"wp:term":[{"taxonomy":"zarn","embeddable":true,"href":"https:\/\/smetanovalitomysl.cz\/en\/wp-json\/wp\/v2\/zarn?post=157446"},{"taxonomy":"ambasadori","embeddable":true,"href":"https:\/\/smetanovalitomysl.cz\/en\/wp-json\/wp\/v2\/ambasadori?post=157446"}],"curies":[{"name":"wp","href":"https:\/\/api.w.org\/{rel}","templated":true}]}}

Bedřich Smetana: The Devil’s Wall

<p>The Devil&#8217;s Wall seems to prove that the composer could “hear the future” – musically, it already peeks into the 20th century. Its spirited and imaginative score brings to life an old South Bohemian legend about a devil’s stone wall, using colors far more modern than one might expect in 1882. The libretto by Eliška Krásnohorská shifts naturally between reality and the realm of imagination. The production by the Janáček Opera of the National Theatre Brno, directed by Jiří Heřman, builds on a powerful mythical atmosphere. Audiences can look forward to appearances by Kateřina Kněžíková, Václava Krejčí Housková, Peter Berger, and Roman Hoza.   </p>

<p><em>Staged in the Czech original with Czech, English and German surtitles.</em></p>

<h4 class="wp-block-heading">Performers</h4>

<p>Vok Vítkovic – <strong>Roman Hoza</strong><br/>Záviš – <strong>Václava Krejčí Housková</strong><br/>Jarek – <strong>Peter Berger</strong><br/>Hedvika – <strong>Kateřina Kněžíková</strong><br/>Michálek – <strong>Vít Nosek</strong><br/>Katuška – <strong>Doubravka Novotná</strong><br/>Beneš – <strong>David Szendiuch</strong><br/>Rarach – <strong>Jan Šťáva</strong><br/><br/><strong>Chorus and Orchestra of the Janáček Opera of the National Theatre Brno</strong><br/><strong>Robert Kružík </strong>– conductor<br/><strong>Jiří Heřman</strong> – stage director</p>

<h4 class="wp-block-heading">photogallery</h4>

<div class="wp-block-group is-layout-constrained wp-block-group-is-layout-constrained">
<div class="wp-block-columns is-layout-flex wp-container-core-columns-is-layout-1 wp-block-columns-is-layout-flex">
<div class="wp-block-column is-layout-flow wp-block-column-is-layout-flow" style="flex-basis:100%">
<figure class="wp-block-gallery has-nested-images columns-4 is-cropped wp-block-gallery-1 is-layout-flex wp-block-gallery-is-layout-flex" style="border-style:none;border-width:0px">
<figure class="wp-block-image size-large"><img fetchpriority="high" decoding="async" width="1024" height="1024" src="https://smetanovalitomysl.cz/wp-content/uploads/2026/02/BEDRICH-SMETANA_-CERTOVA-STENA-1024x1024.png" alt="" class="wp-image-157023" srcset="https://smetanovalitomysl.cz/wp-content/uploads/2026/02/BEDRICH-SMETANA_-CERTOVA-STENA-1024x1024.png 1024w, https://smetanovalitomysl.cz/wp-content/uploads/2026/02/BEDRICH-SMETANA_-CERTOVA-STENA-300x300.png 300w, https://smetanovalitomysl.cz/wp-content/uploads/2026/02/BEDRICH-SMETANA_-CERTOVA-STENA-150x150.png 150w, https://smetanovalitomysl.cz/wp-content/uploads/2026/02/BEDRICH-SMETANA_-CERTOVA-STENA-768x768.png 768w, https://smetanovalitomysl.cz/wp-content/uploads/2026/02/BEDRICH-SMETANA_-CERTOVA-STENA.png 1350w" sizes="(max-width: 1024px) 100vw, 1024px" /></figure>
</figure>
</div>
</div>
</div>

<p></p>
