{"id":157932,"date":"2026-03-04T08:23:54","date_gmt":"2026-03-04T07:23:54","guid":{"rendered":"https:\/\/smetanovalitomysl.cz\/udalosti\/bedrich-smetana-the-kiss-3\/"},"modified":"2026-04-24T10:40:57","modified_gmt":"2026-04-24T08:40:57","slug":"bedrich-smetana-the-kiss-3","status":"publish","type":"udalosti","link":"https:\/\/smetanovalitomysl.cz\/en\/udalosti\/bedrich-smetana-the-kiss-3\/","title":{"rendered":"Bed\u0159ich Smetana: The Kiss"},"content":{"rendered":"\n<p>Vendulka and Luk\u00e1\u0161 are united in love. Smetana\u2019s rural opera The Kiss portrays their pride, stubbornness, quarrels and misunderstandings that separate them for a brief time. It depicts both comic and touching scenes from village life, and concludes with a reconciliation and confirmation of the couple&#8217;s love by a kiss.  <\/p>\n\n\n\n<p>As part of the Smetana Litomy\u0161l Opera Incubator project, <em>The Kiss<\/em> is transformed into a compelling experience in which gifted singers on the thresholds of their operatic careers are given an opportunity to perform. Under the direction of Jakub Klecker and Magdalena \u0160vecov\u00e1, these young artists will join forces on stage with the mixed choir KOS Litomy\u0161l, an orchestra composed of students of JAMU, and members of the Czech Virtuosi.<\/p>\n\n\n\n<h4 class=\"wp-block-heading\">programme<\/h4>\n\n\n\n<p><strong>Smetana Litomysl Opera Incubator<\/strong><br><br><strong>Bed\u0159ich Smetana<\/strong> <br>The Kiss<\/p>\n\n\n\n<h4 class=\"wp-block-heading\">Performers<\/h4>\n\n\n\n<p>Otec Palouck\u00fd &#8211; <strong>Tomas Maliniak<\/strong><br>Vendulka, his daughter &#8211; cover <strong><strong>Pavla Hub\u00e1\u010dkov\u00e1<\/strong><\/strong><br>Lukas, the young widower &#8211; cover<strong><strong> Mat\u011bj Kotrba<\/strong><\/strong><br>Tome\u0161, his brother-in-law &#8211; cover<strong><strong> Jonatan M\u00fcller<\/strong><\/strong><br>Martinka, Vendulka&#8217;s old aunt &#8211;<strong> <\/strong>cover<strong><strong> Veronika Andraskova<\/strong><\/strong><br>Barce, maid at Paloucky&#8217;s &#8211; cover<strong><strong> Anastasiia Babiiuk<\/strong><\/strong><br>Matou\u0161, the old shepherd &#8211;<strong> David Mal\u00e1t<\/strong><br>The Guard &#8211; <strong>David Cizner<\/strong><br><strong>Mixed choir KOS Litomy\u0161l<\/strong><br><strong>Milan Motl <\/strong>&#8211; choirmaster<br><strong>Members of the Czech Virtuosi Orchestra <\/strong>and<strong> Jan\u00e1\u010dek Academic Orchestra<\/strong><br><strong>Jakub Klecker<\/strong> &#8211;<strong> <\/strong>conductor<br><strong>Magdalena \u0160vecov\u00e1 <\/strong>&#8211;<strong> <\/strong>director<br><strong>Martin \u010cern\u00fd<\/strong> \u2013 set design<br><strong>Barbora Maleninsk\u00e1<\/strong> \u2013 costumes<br><strong>Jana Sibera<\/strong> \u2013 vocal coach<br><strong>Barbora M\u00e1lkov\u00e1<\/strong> \u2013 production<br><strong>David Brabec<\/strong> \u2013 light design<br><strong>Zuzana \u0160vecov\u00e1<\/strong> \u2013 assistant director<br><strong>J\u00e1chym Svoboda<\/strong> and <strong>Dominik Pernica<\/strong> \u2013 assistant conductors<br><\/p>\n\n\n\n<div class=\"wp-block-group is-layout-constrained wp-block-group-is-layout-constrained\">\n<div class=\"wp-block-columns is-layout-flex wp-container-core-columns-is-layout-1 wp-block-columns-is-layout-flex\"><\/div>\n<\/div>\n\n\n\n<p><\/p>\n","protected":false},"featured_media":155994,"template":"","zarn":[],"ambasadori":[2874],"class_list":["post-157932","udalosti","type-udalosti","status-publish","has-post-thumbnail","hentry","misto_konani-smetana-house","zanr-operni-rada-en"],"acf":[],"_links":{"self":[{"href":"https:\/\/smetanovalitomysl.cz\/en\/wp-json\/wp\/v2\/udalosti\/157932","targetHints":{"allow":["GET"]}}],"collection":[{"href":"https:\/\/smetanovalitomysl.cz\/en\/wp-json\/wp\/v2\/udalosti"}],"about":[{"href":"https:\/\/smetanovalitomysl.cz\/en\/wp-json\/wp\/v2\/types\/udalosti"}],"wp:featuredmedia":[{"embeddable":true,"href":"https:\/\/smetanovalitomysl.cz\/en\/wp-json\/wp\/v2\/media\/155994"}],"wp:attachment":[{"href":"https:\/\/smetanovalitomysl.cz\/en\/wp-json\/wp\/v2\/media?parent=157932"}],"wp:term":[{"taxonomy":"zarn","embeddable":true,"href":"https:\/\/smetanovalitomysl.cz\/en\/wp-json\/wp\/v2\/zarn?post=157932"},{"taxonomy":"ambasadori","embeddable":true,"href":"https:\/\/smetanovalitomysl.cz\/en\/wp-json\/wp\/v2\/ambasadori?post=157932"}],"curies":[{"name":"wp","href":"https:\/\/api.w.org\/{rel}","templated":true}]}}

Bedřich Smetana: The Kiss

<p>Vendulka and Lukáš are united in love. Smetana’s rural opera The Kiss portrays their pride, stubbornness, quarrels and misunderstandings that separate them for a brief time. It depicts both comic and touching scenes from village life, and concludes with a reconciliation and confirmation of the couple&#8217;s love by a kiss.  </p>



<p>As part of the Smetana Litomyšl Opera Incubator project, <em>The Kiss</em> is transformed into a compelling experience in which gifted singers on the thresholds of their operatic careers are given an opportunity to perform. Under the direction of Jakub Klecker and Magdalena Švecová, these young artists will join forces on stage with the mixed choir KOS Litomyšl, an orchestra composed of students of JAMU, and members of the Czech Virtuosi.</p>



<h4 class="wp-block-heading">programme</h4>



<p><strong>Smetana Litomysl Opera Incubator</strong><br><br><strong>Bedřich Smetana</strong> <br>The Kiss</p>



<h4 class="wp-block-heading">Performers</h4>



<p>Otec Paloucký &#8211; <strong>Tomas Maliniak</strong><br>Vendulka, his daughter &#8211; cover <strong><strong>Pavla Hubáčková</strong></strong><br>Lukas, the young widower &#8211; cover<strong><strong> Matěj Kotrba</strong></strong><br>Tomeš, his brother-in-law &#8211; cover<strong><strong> Jonatan Müller</strong></strong><br>Martinka, Vendulka&#8217;s old aunt &#8211;<strong> </strong>cover<strong><strong> Veronika Andraskova</strong></strong><br>Barce, maid at Paloucky&#8217;s &#8211; cover<strong><strong> Anastasiia Babiiuk</strong></strong><br>Matouš, the old shepherd &#8211;<strong> David Malát</strong><br>The Guard &#8211; <strong>David Cizner</strong><br><strong>Mixed choir KOS Litomyšl</strong><br><strong>Milan Motl </strong>&#8211; choirmaster<br><strong>Members of the Czech Virtuosi Orchestra </strong>and<strong> Janáček Academic Orchestra</strong><br><strong>Jakub Klecker</strong> &#8211;<strong> </strong>conductor<br><strong>Magdalena Švecová </strong>&#8211;<strong> </strong>director<br><strong>Martin Černý</strong> – set design<br><strong>Barbora Maleninská</strong> – costumes<br><strong>Jana Sibera</strong> – vocal coach<br><strong>Barbora Málková</strong> – production<br><strong>David Brabec</strong> – light design<br><strong>Zuzana Švecová</strong> – assistant director<br><strong>Jáchym Svoboda</strong> and <strong>Dominik Pernica</strong> – assistant conductors<br></p>



<div class="wp-block-group is-layout-constrained wp-block-group-is-layout-constrained">
<div class="wp-block-columns is-layout-flex wp-container-core-columns-is-layout-1 wp-block-columns-is-layout-flex"></div>
</div>



<p></p>
