{"id":148531,"date":"2024-05-01T13:37:33","date_gmt":"2024-05-01T11:37:33","guid":{"rendered":"https:\/\/smetanovalitomysl.cz\/?post_type=udalosti_fz&#038;p=148531"},"modified":"2025-04-22T09:53:24","modified_gmt":"2025-04-22T07:53:24","slug":"komorni-orchestr-a-sbor-konzervatore-ostrava","status":"archived","type":"udalosti_fz","link":"https:\/\/smetanovalitomysl.cz\/en\/udalosti_fz\/komorni-orchestr-a-sbor-konzervatore-ostrava\/","title":{"rendered":"Komorn\u00ed orchestr a sbor Konzervato\u0159e Ostrava"},"content":{"rendered":"\n<p>Pod taktovkami dirigent\u016f Petra \u0160umn\u00edka a Tom\u00e1\u0161e Stan\u010deka zazn\u00ed zn\u00e1m\u00e9 melodie z oper, operet a muzik\u00e1l\u016f, kter\u00e9 okouzl\u00ed poslucha\u010de svou pestrost\u00ed a n\u00e1bojem.<\/p>\n\n\n\n<p>Oba dirigenti p\u0159in\u00e1\u0161ej\u00ed do studentsk\u00e9ho projektu sv\u00e9 bohat\u00e9 zku\u0161enosti a v\u00e1\u0161e\u0148 pro hudbu. Jejich um\u011bleck\u00e9 veden\u00ed slibuje spojen\u00ed preciznosti a emotivn\u00edho proveden\u00ed, kter\u00e9 zv\u00fdrazn\u00ed kr\u00e1su a s\u00edlu hudebn\u00edch d\u011bl.<\/p>\n","protected":false},"template":"","den_fz":[5537],"class_list":["post-148531","udalosti_fz","type-udalosti_fz","status-archived","hentry","den_fz-sobota-15-6-2024"],"acf":[],"cas_pocatku":["14:00:00"],"thumbnail_id":{"guid":"https:\/\/smetanovalitomysl.cz\/wp-content\/uploads\/2024\/05\/DSC_8545.jpg","meta":{"width":1620,"height":1080,"file":"2024\/05\/DSC_8545.jpg","filesize":244840,"sizes":{"medium":{"file":"DSC_8545-300x200.jpg","width":300,"height":200,"mime-type":"image\/jpeg","filesize":38676},"large":{"file":"DSC_8545-1024x683.jpg","width":1024,"height":683,"mime-type":"image\/jpeg","filesize":158701},"thumbnail":{"file":"DSC_8545-150x150.jpg","width":150,"height":150,"mime-type":"image\/jpeg","filesize":28523},"medium_large":{"file":"DSC_8545-768x512.jpg","width":768,"height":512,"mime-type":"image\/jpeg","filesize":106445},"1536x1536":{"file":"DSC_8545-1536x1024.jpg","width":1536,"height":1024,"mime-type":"image\/jpeg","filesize":304467},"2048x2048":{"file":"DSC_8545-2048x1365.jpg","width":2048,"height":1365,"mime-type":"image\/jpeg","filesize":508526}},"image_meta":{"aperture":"4.5","credit":"","camera":"NIKON D780","caption":"","created_timestamp":"1702407203","copyright":"","focal_length":"35","iso":"3200","shutter_speed":"0.004","title":"","orientation":"1","keywords":[]}}},"den_fz_2":"5537","placeny_program":"0","_links":{"self":[{"href":"https:\/\/smetanovalitomysl.cz\/en\/wp-json\/wp\/v2\/udalosti_fz\/148531","targetHints":{"allow":["GET"]}}],"collection":[{"href":"https:\/\/smetanovalitomysl.cz\/en\/wp-json\/wp\/v2\/udalosti_fz"}],"about":[{"href":"https:\/\/smetanovalitomysl.cz\/en\/wp-json\/wp\/v2\/types\/udalosti_fz"}],"wp:attachment":[{"href":"https:\/\/smetanovalitomysl.cz\/en\/wp-json\/wp\/v2\/media?parent=148531"}],"wp:term":[{"taxonomy":"den_fz","embeddable":true,"href":"https:\/\/smetanovalitomysl.cz\/en\/wp-json\/wp\/v2\/den_fz?post=148531"}],"curies":[{"name":"wp","href":"https:\/\/api.w.org\/{rel}","templated":true}]}}

Komorní orchestr a sbor Konzervatoře Ostrava

<p>Pod taktovkami dirigentů Petra Šumníka a Tomáše Stančeka zazní známé melodie z oper, operet a muzikálů, které okouzlí posluchače svou pestrostí a nábojem.</p>



<p>Oba dirigenti přinášejí do studentského projektu své bohaté zkušenosti a vášeň pro hudbu. Jejich umělecké vedení slibuje spojení preciznosti a emotivního provedení, které zvýrazní krásu a sílu hudebních děl.</p>
